{"version":"1.0","provider_name":"CST","provider_url":"https:\/\/cst.cat\/es\/","author_name":"aromero","author_url":"https:\/\/cst.cat\/es\/author\/aromero\/","title":"Jornada de PUERTAS ABIERTAS nuevos y nuevas residentes - CST","type":"rich","width":600,"height":338,"html":"<blockquote class=\"wp-embedded-content\" data-secret=\"DdH5amaFj3\"><a href=\"https:\/\/cst.cat\/es\/agenda\/jornada-de-puertas-abiertas-nuevos-y-nuevas-residentes\/\">Jornada de PUERTAS ABIERTAS nuevos y nuevas residentes<\/a><\/blockquote><iframe sandbox=\"allow-scripts\" security=\"restricted\" src=\"https:\/\/cst.cat\/es\/agenda\/jornada-de-puertas-abiertas-nuevos-y-nuevas-residentes\/embed\/#?secret=DdH5amaFj3\" width=\"600\" height=\"338\" title=\"\u00abJornada de PUERTAS ABIERTAS nuevos y nuevas residentes\u00bb \u2014 CST\" data-secret=\"DdH5amaFj3\" frameborder=\"0\" marginwidth=\"0\" marginheight=\"0\" scrolling=\"no\" class=\"wp-embedded-content\"><\/iframe><script type=\"text\/javascript\">\n\/* <![CDATA[ *\/\n\/*! This file is auto-generated *\/\n!function(d,l){\"use strict\";l.querySelector&&d.addEventListener&&\"undefined\"!=typeof URL&&(d.wp=d.wp||{},d.wp.receiveEmbedMessage||(d.wp.receiveEmbedMessage=function(e){var t=e.data;if((t||t.secret||t.message||t.value)&&!\/[^a-zA-Z0-9]\/.test(t.secret)){for(var s,r,n,a=l.querySelectorAll('iframe[data-secret=\"'+t.secret+'\"]'),o=l.querySelectorAll('blockquote[data-secret=\"'+t.secret+'\"]'),c=new RegExp(\"^https?:$\",\"i\"),i=0;i<o.length;i++)o[i].style.display=\"none\";for(i=0;i<a.length;i++)s=a[i],e.source===s.contentWindow&&(s.removeAttribute(\"style\"),\"height\"===t.message?(1e3<(r=parseInt(t.value,10))?r=1e3:~~r<200&&(r=200),s.height=r):\"link\"===t.message&&(r=new URL(s.getAttribute(\"src\")),n=new URL(t.value),c.test(n.protocol))&&n.host===r.host&&l.activeElement===s&&(d.top.location.href=t.value))}},d.addEventListener(\"message\",d.wp.receiveEmbedMessage,!1),l.addEventListener(\"DOMContentLoaded\",function(){for(var e,t,s=l.querySelectorAll(\"iframe.wp-embedded-content\"),r=0;r<s.length;r++)(t=(e=s[r]).getAttribute(\"data-secret\"))||(t=Math.random().toString(36).substring(2,12),e.src+=\"#?secret=\"+t,e.setAttribute(\"data-secret\",t)),e.contentWindow.postMessage({message:\"ready\",secret:t},\"*\")},!1)))}(window,document);\n\/\/# sourceURL=https:\/\/cst.cat\/wp-includes\/js\/wp-embed.min.js\n\/* ]]> *\/\n<\/script>\n","thumbnail_url":"https:\/\/cst.cat\/wp-content\/uploads\/2022\/03\/jornada-p-o-2022-petita-468.jpg","thumbnail_width":542,"thumbnail_height":468,"description":"Con\u00f3cenos: El Consorcio Sanitario de Terrassa (CST) es una organizaci\u00f3n sanitaria integral que da respuesta a las necesidades socio-sanitarias de 200.000 ciudadanos del Vall\u00e9s Occidental atendiendo a una media de 8.700 usuarios cada d\u00eda. Nuestra experiencia docente comienza hace m\u00e1s de 25 a\u00f1os con la formaci\u00f3n MIR a la que posteriormente se a\u00f1ade la formaci\u00f3n [&hellip;]"}

Conócenos: El Consorcio Sanitario de Terrassa (CST) es una organización sanitaria integral que da respuesta a las necesidades socio-sanitarias de 200.000 ciudadanos del Vallés Occidental atendiendo a una media de 8.700 usuarios cada día. Nuestra experiencia docente comienza hace más de 25 años con la formación MIR a la que posteriormente se añade la formación [&hellip;]
