{"version":"1.0","provider_name":"CST","provider_url":"https:\/\/cst.cat\/es\/","author_name":"aromero","author_url":"https:\/\/cst.cat\/es\/author\/aromero\/","title":"IV JORNADA TERRITORIAL DE FARMACIA DEL VALL\u00c8S OCCIDENTAL OESTE \"SEGURIDAD EN EL USO DE MEDICAMENTOS EN LA COMUNIDAD\"","type":"rich","width":600,"height":338,"html":"<blockquote class=\"wp-embedded-content\" data-secret=\"4anlak9ark\"><a href=\"https:\/\/cst.cat\/es\/agenda\/mananas-de-emergencias-actualizamos-nuestro-dia-a-dia\/\">MA\u00d1ANAS DE EMERGENCIAS: ACTUALIZAMOS NUESTRO D\u00cdA A D\u00cdA<\/a><\/blockquote><iframe sandbox=\"allow-scripts\" security=\"restricted\" src=\"https:\/\/cst.cat\/es\/agenda\/mananas-de-emergencias-actualizamos-nuestro-dia-a-dia\/embed\/#?secret=4anlak9ark\" width=\"600\" height=\"338\" title=\"\u00abMA\u00d1ANAS DE EMERGENCIAS: ACTUALIZAMOS NUESTRO D\u00cdA A D\u00cdA\u00bb \u2014 CST\" data-secret=\"4anlak9ark\" frameborder=\"0\" marginwidth=\"0\" marginheight=\"0\" scrolling=\"no\" class=\"wp-embedded-content\"><\/iframe><script type=\"text\/javascript\">\n\/* <![CDATA[ *\/\n\/*! This file is auto-generated *\/\n!function(d,l){\"use strict\";l.querySelector&&d.addEventListener&&\"undefined\"!=typeof URL&&(d.wp=d.wp||{},d.wp.receiveEmbedMessage||(d.wp.receiveEmbedMessage=function(e){var t=e.data;if((t||t.secret||t.message||t.value)&&!\/[^a-zA-Z0-9]\/.test(t.secret)){for(var s,r,n,a=l.querySelectorAll('iframe[data-secret=\"'+t.secret+'\"]'),o=l.querySelectorAll('blockquote[data-secret=\"'+t.secret+'\"]'),c=new RegExp(\"^https?:$\",\"i\"),i=0;i<o.length;i++)o[i].style.display=\"none\";for(i=0;i<a.length;i++)s=a[i],e.source===s.contentWindow&&(s.removeAttribute(\"style\"),\"height\"===t.message?(1e3<(r=parseInt(t.value,10))?r=1e3:~~r<200&&(r=200),s.height=r):\"link\"===t.message&&(r=new URL(s.getAttribute(\"src\")),n=new URL(t.value),c.test(n.protocol))&&n.host===r.host&&l.activeElement===s&&(d.top.location.href=t.value))}},d.addEventListener(\"message\",d.wp.receiveEmbedMessage,!1),l.addEventListener(\"DOMContentLoaded\",function(){for(var e,t,s=l.querySelectorAll(\"iframe.wp-embedded-content\"),r=0;r<s.length;r++)(t=(e=s[r]).getAttribute(\"data-secret\"))||(t=Math.random().toString(36).substring(2,12),e.src+=\"#?secret=\"+t,e.setAttribute(\"data-secret\",t)),e.contentWindow.postMessage({message:\"ready\",secret:t},\"*\")},!1)))}(window,document);\n\/\/# sourceURL=https:\/\/cst.cat\/wp-includes\/js\/wp-embed.min.js\n\/* ]]> *\/\n<\/script>\n","thumbnail_url":"https:\/\/cst.cat\/wp-content\/uploads\/2023\/11\/WEB-JORNADA-ICTUS.png","thumbnail_width":700,"thumbnail_height":468,"description":"Objetivos generales de la Jornada: El objetivo de esta jornada es dar a conocer las \u00faltimas actualizaciones de protocolos del sistema de emergencias m\u00e9dicas, as\u00ed como los protocolos de nueva instauraci\u00f3n. Tambi\u00e9n se quiere crear un espacio en el que mejorar las relaciones entre profesionales de diferentes servicios mostrando el d\u00eda a d\u00eda de nuestro [&hellip;]"}

IV JORNADA TERRITORIAL DE FARMACIA DEL VALLÈS OCCIDENTAL OESTE "SEGURIDAD EN EL USO DE MEDICAMENTOS EN LA COMUNIDAD"

<blockquote class="wp-embedded-content" data-secret="4anlak9ark"><a href="https://cst.cat/es/agenda/mananas-de-emergencias-actualizamos-nuestro-dia-a-dia/">MAÑANAS DE EMERGENCIAS: ACTUALIZAMOS NUESTRO DÍA A DÍA</a></blockquote><iframe sandbox="allow-scripts" security="restricted" src="https://cst.cat/es/agenda/mananas-de-emergencias-actualizamos-nuestro-dia-a-dia/embed/#?secret=4anlak9ark" width="600" height="338" title="«MAÑANAS DE EMERGENCIAS: ACTUALIZAMOS NUESTRO DÍA A DÍA» — CST" data-secret="4anlak9ark" frameborder="0" marginwidth="0" marginheight="0" scrolling="no" class="wp-embedded-content"></iframe><script type="text/javascript">
/* <![CDATA[ */
/*! This file is auto-generated */
!function(d,l){"use strict";l.querySelector&&d.addEventListener&&"undefined"!=typeof URL&&(d.wp=d.wp||{},d.wp.receiveEmbedMessage||(d.wp.receiveEmbedMessage=function(e){var t=e.data;if((t||t.secret||t.message||t.value)&&!/[^a-zA-Z0-9]/.test(t.secret)){for(var s,r,n,a=l.querySelectorAll('iframe[data-secret="'+t.secret+'"]'),o=l.querySelectorAll('blockquote[data-secret="'+t.secret+'"]'),c=new RegExp("^https?:$","i"),i=0;i<o.length;i++)o[i].style.display="none";for(i=0;i<a.length;i++)s=a[i],e.source===s.contentWindow&&(s.removeAttribute("style"),"height"===t.message?(1e3<(r=parseInt(t.value,10))?r=1e3:~~r<200&&(r=200),s.height=r):"link"===t.message&&(r=new URL(s.getAttribute("src")),n=new URL(t.value),c.test(n.protocol))&&n.host===r.host&&l.activeElement===s&&(d.top.location.href=t.value))}},d.addEventListener("message",d.wp.receiveEmbedMessage,!1),l.addEventListener("DOMContentLoaded",function(){for(var e,t,s=l.querySelectorAll("iframe.wp-embedded-content"),r=0;r<s.length;r++)(t=(e=s[r]).getAttribute("data-secret"))||(t=Math.random().toString(36).substring(2,12),e.src+="#?secret="+t,e.setAttribute("data-secret",t)),e.contentWindow.postMessage({message:"ready",secret:t},"*")},!1)))}(window,document);
//# sourceURL=https://cst.cat/wp-includes/js/wp-embed.min.js
/* ]]> */
</script>

Objetivos generales de la Jornada: El objetivo de esta jornada es dar a conocer las últimas actualizaciones de protocolos del sistema de emergencias médicas, así como los protocolos de nueva instauración. También se quiere crear un espacio en el que mejorar las relaciones entre profesionales de diferentes servicios mostrando el día a día de nuestro [&hellip;]
