{"version":"1.0","provider_name":"CST","provider_url":"https:\/\/cst.cat\/es\/","author_name":"Begonya Masdefiol Aldeano","author_url":"https:\/\/cst.cat\/es\/author\/bmasdefiol\/","title":"El CST celebra la Jornada de Objetivos 2025 - CST","type":"rich","width":600,"height":338,"html":"<blockquote class=\"wp-embedded-content\" data-secret=\"K2ZgZ7181l\"><a href=\"https:\/\/cst.cat\/es\/el-cst-celebra-la-jornada-de-objetivos-2025\/\">El CST celebra la Jornada de Objetivos 2025<\/a><\/blockquote><iframe sandbox=\"allow-scripts\" security=\"restricted\" src=\"https:\/\/cst.cat\/es\/el-cst-celebra-la-jornada-de-objetivos-2025\/embed\/#?secret=K2ZgZ7181l\" width=\"600\" height=\"338\" title=\"\u00abEl CST celebra la Jornada de Objetivos 2025\u00bb \u2014 CST\" data-secret=\"K2ZgZ7181l\" frameborder=\"0\" marginwidth=\"0\" marginheight=\"0\" scrolling=\"no\" class=\"wp-embedded-content\"><\/iframe><script type=\"text\/javascript\">\n\/* <![CDATA[ *\/\n\/*! This file is auto-generated *\/\n!function(d,l){\"use strict\";l.querySelector&&d.addEventListener&&\"undefined\"!=typeof URL&&(d.wp=d.wp||{},d.wp.receiveEmbedMessage||(d.wp.receiveEmbedMessage=function(e){var t=e.data;if((t||t.secret||t.message||t.value)&&!\/[^a-zA-Z0-9]\/.test(t.secret)){for(var s,r,n,a=l.querySelectorAll('iframe[data-secret=\"'+t.secret+'\"]'),o=l.querySelectorAll('blockquote[data-secret=\"'+t.secret+'\"]'),c=new RegExp(\"^https?:$\",\"i\"),i=0;i<o.length;i++)o[i].style.display=\"none\";for(i=0;i<a.length;i++)s=a[i],e.source===s.contentWindow&&(s.removeAttribute(\"style\"),\"height\"===t.message?(1e3<(r=parseInt(t.value,10))?r=1e3:~~r<200&&(r=200),s.height=r):\"link\"===t.message&&(r=new URL(s.getAttribute(\"src\")),n=new URL(t.value),c.test(n.protocol))&&n.host===r.host&&l.activeElement===s&&(d.top.location.href=t.value))}},d.addEventListener(\"message\",d.wp.receiveEmbedMessage,!1),l.addEventListener(\"DOMContentLoaded\",function(){for(var e,t,s=l.querySelectorAll(\"iframe.wp-embedded-content\"),r=0;r<s.length;r++)(t=(e=s[r]).getAttribute(\"data-secret\"))||(t=Math.random().toString(36).substring(2,12),e.src+=\"#?secret=\"+t,e.setAttribute(\"data-secret\",t)),e.contentWindow.postMessage({message:\"ready\",secret:t},\"*\")},!1)))}(window,document);\n\/\/# sourceURL=https:\/\/cst.cat\/wp-includes\/js\/wp-embed.min.js\n\/* ]]> *\/\n<\/script>\n","thumbnail_url":"https:\/\/cst.cat\/wp-content\/uploads\/2025\/04\/Canva-Jornada-Objectius-1366x911.png","thumbnail_width":1366,"thumbnail_height":911,"description":"Ayer tuvo lugar en el sal\u00f3n de actos Joan Costa Roma la Jornada directiva de objetivos 2025. La finalidad de la jornada era compartir los objetivos para el a\u00f1o 2025 enmarcados en el Plan Estrat\u00e9gico 2025-2028 con todos los mandos del Consorcio Sanitario de Terrassa. Abri\u00f3 la jornada Ferran Garcia, director-gerente del CST, hablando sobre [&hellip;]"}

Ayer tuvo lugar en el salón de actos Joan Costa Roma la Jornada directiva de objetivos 2025. La finalidad de la jornada era compartir los objetivos para el año 2025 enmarcados en el Plan Estratégico 2025-2028 con todos los mandos del Consorcio Sanitario de Terrassa. Abrió la jornada Ferran Garcia, director-gerente del CST, hablando sobre [&hellip;]
