{"id":10402,"date":"2022-04-01T13:53:39","date_gmt":"2022-04-01T11:53:39","guid":{"rendered":"https:\/\/cst.cat\/agenda\/nutricion-bienestar-emocional-y-actividad-fisica-tres-fuentes-de-salud\/"},"modified":"2024-10-23T13:55:54","modified_gmt":"2024-10-23T11:55:54","slug":"nutricion-bienestar-emocional-y-actividad-fisica-tres-fuentes-de-salud","status":"publish","type":"agenda","link":"https:\/\/cst.cat\/es\/agenda\/nutricion-bienestar-emocional-y-actividad-fisica-tres-fuentes-de-salud\/","title":{"rendered":"Nutrici\u00f3n, bienestar emocional y actividad f\u00edsica: tres fuentes de salud"},"content":{"rendered":"\n<p class=\"has-medium-font-size\">Aula de Salud. Hablamos de salud, hacemos salud<\/p>\n\n<p class=\"has-small-font-size\">Con motivo del D\u00eda Mundial de la Salud en esta nueva sesi\u00f3n del Aula de Salud contaremos con las enfermeras Maria Pino del Centro de Salud Mental Ferran Salsas Roig, Meritxell Garcia, del CAP Sant Gen\u00eds y el jefe de Deportes del Ayuntamiento de Rub\u00ed, Ismael Aguilera.<\/p>\n\n<p>Puedes seguirlo en el <a href=\"https:\/\/www.youtube.com\/user\/ajuntamentderubi\">Canal de Youtube del Ayuntamiento de Rub\u00ed<\/a><\/p>\n\n<figure class=\"wp-block-image size-large\"><img loading=\"lazy\" decoding=\"async\" width=\"1366\" height=\"769\" src=\"https:\/\/cst.cat\/wp-content\/uploads\/2022\/04\/Pantalla-ppt-Aula0407-1366x769.png\" alt=\"\" class=\"wp-image-10398\" srcset=\"https:\/\/cst.cat\/wp-content\/uploads\/2022\/04\/Pantalla-ppt-Aula0407-1366x769.png 1366w, https:\/\/cst.cat\/wp-content\/uploads\/2022\/04\/Pantalla-ppt-Aula0407-600x338.png 600w, https:\/\/cst.cat\/wp-content\/uploads\/2022\/04\/Pantalla-ppt-Aula0407-768x432.png 768w, https:\/\/cst.cat\/wp-content\/uploads\/2022\/04\/Pantalla-ppt-Aula0407-1536x865.png 1536w, https:\/\/cst.cat\/wp-content\/uploads\/2022\/04\/Pantalla-ppt-Aula0407.png 2000w\" sizes=\"auto, (max-width: 1366px) 100vw, 1366px\" \/><\/figure>","protected":false},"featured_media":10401,"template":"","categories":[380],"tags":[336,337,381,382],"class_list":["post-10402","agenda","type-agenda","status-publish","has-post-thumbnail","hentry","category-centros-de-salud-mental-ferran-salsas-i-roig","tag-actividad-fisica","tag-dmaf2022-es","tag-nutricion","tag-bienestar-emocional"],"acf":[],"yoast_head":"<!-- This site is optimized with the Yoast SEO plugin v27.2 - https:\/\/yoast.com\/product\/yoast-seo-wordpress\/ -->\n<title>Nutrici\u00f3n, bienestar emocional y actividad f\u00edsica: tres fuentes de salud - CST<\/title>\n<meta name=\"robots\" content=\"index, follow, max-snippet:-1, max-image-preview:large, max-video-preview:-1\" \/>\n<link rel=\"canonical\" href=\"https:\/\/cst.cat\/es\/agenda\/nutricion-bienestar-emocional-y-actividad-fisica-tres-fuentes-de-salud\/\" \/>\n<meta property=\"og:locale\" content=\"es_ES\" \/>\n<meta property=\"og:type\" content=\"article\" \/>\n<meta property=\"og:title\" content=\"Nutrici\u00f3n, bienestar emocional y actividad f\u00edsica: tres fuentes de salud - CST\" \/>\n<meta property=\"og:description\" content=\"Aula de Salud. Hablamos de salud, hacemos salud Con motivo del D\u00eda Mundial de la Salud en esta nueva sesi\u00f3n del Aula de Salud contaremos con las enfermeras Maria Pino del Centro de Salud Mental Ferran Salsas Roig, Meritxell Garcia, del CAP Sant Gen\u00eds y el jefe de Deportes del Ayuntamiento de Rub\u00ed, Ismael Aguilera. [&hellip;]\" \/>\n<meta property=\"og:url\" content=\"https:\/\/cst.cat\/es\/agenda\/nutricion-bienestar-emocional-y-actividad-fisica-tres-fuentes-de-salud\/\" \/>\n<meta property=\"og:site_name\" content=\"CST\" \/>\n<meta property=\"article:modified_time\" content=\"2024-10-23T11:55:54+00:00\" \/>\n<meta property=\"og:image\" content=\"https:\/\/cst.cat\/wp-content\/uploads\/2022\/04\/700x468.png\" \/>\n\t<meta property=\"og:image:width\" content=\"700\" \/>\n\t<meta property=\"og:image:height\" content=\"468\" \/>\n\t<meta property=\"og:image:type\" content=\"image\/png\" \/>\n<meta name=\"twitter:card\" content=\"summary_large_image\" \/>\n<script type=\"application\/ld+json\" class=\"yoast-schema-graph\">{\"@context\":\"https:\/\/schema.org\",\"@graph\":[{\"@type\":\"WebPage\",\"@id\":\"https:\/\/cst.cat\/es\/agenda\/nutricion-bienestar-emocional-y-actividad-fisica-tres-fuentes-de-salud\/\",\"url\":\"https:\/\/cst.cat\/es\/agenda\/nutricion-bienestar-emocional-y-actividad-fisica-tres-fuentes-de-salud\/\",\"name\":\"Nutrici\u00f3n, bienestar emocional y actividad f\u00edsica: tres fuentes de salud - CST\",\"isPartOf\":{\"@id\":\"https:\/\/cst.cat\/es\/#website\"},\"primaryImageOfPage\":{\"@id\":\"https:\/\/cst.cat\/es\/agenda\/nutricion-bienestar-emocional-y-actividad-fisica-tres-fuentes-de-salud\/#primaryimage\"},\"image\":{\"@id\":\"https:\/\/cst.cat\/es\/agenda\/nutricion-bienestar-emocional-y-actividad-fisica-tres-fuentes-de-salud\/#primaryimage\"},\"thumbnailUrl\":\"https:\/\/cst.cat\/wp-content\/uploads\/2022\/04\/700x468.png\",\"datePublished\":\"2022-04-01T11:53:39+00:00\",\"dateModified\":\"2024-10-23T11:55:54+00:00\",\"breadcrumb\":{\"@id\":\"https:\/\/cst.cat\/es\/agenda\/nutricion-bienestar-emocional-y-actividad-fisica-tres-fuentes-de-salud\/#breadcrumb\"},\"inLanguage\":\"es\",\"potentialAction\":[{\"@type\":\"ReadAction\",\"target\":[\"https:\/\/cst.cat\/es\/agenda\/nutricion-bienestar-emocional-y-actividad-fisica-tres-fuentes-de-salud\/\"]}]},{\"@type\":\"ImageObject\",\"inLanguage\":\"es\",\"@id\":\"https:\/\/cst.cat\/es\/agenda\/nutricion-bienestar-emocional-y-actividad-fisica-tres-fuentes-de-salud\/#primaryimage\",\"url\":\"https:\/\/cst.cat\/wp-content\/uploads\/2022\/04\/700x468.png\",\"contentUrl\":\"https:\/\/cst.cat\/wp-content\/uploads\/2022\/04\/700x468.png\",\"width\":700,\"height\":468},{\"@type\":\"BreadcrumbList\",\"@id\":\"https:\/\/cst.cat\/es\/agenda\/nutricion-bienestar-emocional-y-actividad-fisica-tres-fuentes-de-salud\/#breadcrumb\",\"itemListElement\":[{\"@type\":\"ListItem\",\"position\":1,\"name\":\"Inici\",\"item\":\"https:\/\/cst.cat\/es\/\"},{\"@type\":\"ListItem\",\"position\":2,\"name\":\"Nutrici\u00f3n, bienestar emocional y actividad f\u00edsica: tres fuentes de salud\"}]},{\"@type\":\"WebSite\",\"@id\":\"https:\/\/cst.cat\/es\/#website\",\"url\":\"https:\/\/cst.cat\/es\/\",\"name\":\"CST\",\"description\":\"\",\"publisher\":{\"@id\":\"https:\/\/cst.cat\/es\/#organization\"},\"potentialAction\":[{\"@type\":\"SearchAction\",\"target\":{\"@type\":\"EntryPoint\",\"urlTemplate\":\"https:\/\/cst.cat\/es\/?s={search_term_string}\"},\"query-input\":{\"@type\":\"PropertyValueSpecification\",\"valueRequired\":true,\"valueName\":\"search_term_string\"}}],\"inLanguage\":\"es\"},{\"@type\":\"Organization\",\"@id\":\"https:\/\/cst.cat\/es\/#organization\",\"name\":\"Consorci Sanitari de Terrassa\",\"url\":\"https:\/\/cst.cat\/es\/\",\"logo\":{\"@type\":\"ImageObject\",\"inLanguage\":\"es\",\"@id\":\"https:\/\/cst.cat\/es\/#\/schema\/logo\/image\/\",\"url\":\"https:\/\/cst.cat\/wp-content\/uploads\/2021\/09\/logo-header.svg\",\"contentUrl\":\"https:\/\/cst.cat\/wp-content\/uploads\/2021\/09\/logo-header.svg\",\"width\":90,\"height\":32,\"caption\":\"Consorci Sanitari de Terrassa\"},\"image\":{\"@id\":\"https:\/\/cst.cat\/es\/#\/schema\/logo\/image\/\"}}]}<\/script>\n<!-- \/ Yoast SEO plugin. -->","yoast_head_json":{"title":"Nutrici\u00f3n, bienestar emocional y actividad f\u00edsica: tres fuentes de salud - CST","robots":{"index":"index","follow":"follow","max-snippet":"max-snippet:-1","max-image-preview":"max-image-preview:large","max-video-preview":"max-video-preview:-1"},"canonical":"https:\/\/cst.cat\/es\/agenda\/nutricion-bienestar-emocional-y-actividad-fisica-tres-fuentes-de-salud\/","og_locale":"es_ES","og_type":"article","og_title":"Nutrici\u00f3n, bienestar emocional y actividad f\u00edsica: tres fuentes de salud - CST","og_description":"Aula de Salud. Hablamos de salud, hacemos salud Con motivo del D\u00eda Mundial de la Salud en esta nueva sesi\u00f3n del Aula de Salud contaremos con las enfermeras Maria Pino del Centro de Salud Mental Ferran Salsas Roig, Meritxell Garcia, del CAP Sant Gen\u00eds y el jefe de Deportes del Ayuntamiento de Rub\u00ed, Ismael Aguilera. [&hellip;]","og_url":"https:\/\/cst.cat\/es\/agenda\/nutricion-bienestar-emocional-y-actividad-fisica-tres-fuentes-de-salud\/","og_site_name":"CST","article_modified_time":"2024-10-23T11:55:54+00:00","og_image":[{"width":700,"height":468,"url":"https:\/\/cst.cat\/wp-content\/uploads\/2022\/04\/700x468.png","type":"image\/png"}],"twitter_card":"summary_large_image","schema":{"@context":"https:\/\/schema.org","@graph":[{"@type":"WebPage","@id":"https:\/\/cst.cat\/es\/agenda\/nutricion-bienestar-emocional-y-actividad-fisica-tres-fuentes-de-salud\/","url":"https:\/\/cst.cat\/es\/agenda\/nutricion-bienestar-emocional-y-actividad-fisica-tres-fuentes-de-salud\/","name":"Nutrici\u00f3n, bienestar emocional y actividad f\u00edsica: tres fuentes de salud - CST","isPartOf":{"@id":"https:\/\/cst.cat\/es\/#website"},"primaryImageOfPage":{"@id":"https:\/\/cst.cat\/es\/agenda\/nutricion-bienestar-emocional-y-actividad-fisica-tres-fuentes-de-salud\/#primaryimage"},"image":{"@id":"https:\/\/cst.cat\/es\/agenda\/nutricion-bienestar-emocional-y-actividad-fisica-tres-fuentes-de-salud\/#primaryimage"},"thumbnailUrl":"https:\/\/cst.cat\/wp-content\/uploads\/2022\/04\/700x468.png","datePublished":"2022-04-01T11:53:39+00:00","dateModified":"2024-10-23T11:55:54+00:00","breadcrumb":{"@id":"https:\/\/cst.cat\/es\/agenda\/nutricion-bienestar-emocional-y-actividad-fisica-tres-fuentes-de-salud\/#breadcrumb"},"inLanguage":"es","potentialAction":[{"@type":"ReadAction","target":["https:\/\/cst.cat\/es\/agenda\/nutricion-bienestar-emocional-y-actividad-fisica-tres-fuentes-de-salud\/"]}]},{"@type":"ImageObject","inLanguage":"es","@id":"https:\/\/cst.cat\/es\/agenda\/nutricion-bienestar-emocional-y-actividad-fisica-tres-fuentes-de-salud\/#primaryimage","url":"https:\/\/cst.cat\/wp-content\/uploads\/2022\/04\/700x468.png","contentUrl":"https:\/\/cst.cat\/wp-content\/uploads\/2022\/04\/700x468.png","width":700,"height":468},{"@type":"BreadcrumbList","@id":"https:\/\/cst.cat\/es\/agenda\/nutricion-bienestar-emocional-y-actividad-fisica-tres-fuentes-de-salud\/#breadcrumb","itemListElement":[{"@type":"ListItem","position":1,"name":"Inici","item":"https:\/\/cst.cat\/es\/"},{"@type":"ListItem","position":2,"name":"Nutrici\u00f3n, bienestar emocional y actividad f\u00edsica: tres fuentes de salud"}]},{"@type":"WebSite","@id":"https:\/\/cst.cat\/es\/#website","url":"https:\/\/cst.cat\/es\/","name":"CST","description":"","publisher":{"@id":"https:\/\/cst.cat\/es\/#organization"},"potentialAction":[{"@type":"SearchAction","target":{"@type":"EntryPoint","urlTemplate":"https:\/\/cst.cat\/es\/?s={search_term_string}"},"query-input":{"@type":"PropertyValueSpecification","valueRequired":true,"valueName":"search_term_string"}}],"inLanguage":"es"},{"@type":"Organization","@id":"https:\/\/cst.cat\/es\/#organization","name":"Consorci Sanitari de Terrassa","url":"https:\/\/cst.cat\/es\/","logo":{"@type":"ImageObject","inLanguage":"es","@id":"https:\/\/cst.cat\/es\/#\/schema\/logo\/image\/","url":"https:\/\/cst.cat\/wp-content\/uploads\/2021\/09\/logo-header.svg","contentUrl":"https:\/\/cst.cat\/wp-content\/uploads\/2021\/09\/logo-header.svg","width":90,"height":32,"caption":"Consorci Sanitari de Terrassa"},"image":{"@id":"https:\/\/cst.cat\/es\/#\/schema\/logo\/image\/"}}]}},"_links":{"self":[{"href":"https:\/\/cst.cat\/es\/wp-json\/wp\/v2\/agenda\/10402","targetHints":{"allow":["GET"]}}],"collection":[{"href":"https:\/\/cst.cat\/es\/wp-json\/wp\/v2\/agenda"}],"about":[{"href":"https:\/\/cst.cat\/es\/wp-json\/wp\/v2\/types\/agenda"}],"wp:featuredmedia":[{"embeddable":true,"href":"https:\/\/cst.cat\/es\/wp-json\/wp\/v2\/media\/10401"}],"wp:attachment":[{"href":"https:\/\/cst.cat\/es\/wp-json\/wp\/v2\/media?parent=10402"}],"wp:term":[{"taxonomy":"category","embeddable":true,"href":"https:\/\/cst.cat\/es\/wp-json\/wp\/v2\/categories?post=10402"},{"taxonomy":"post_tag","embeddable":true,"href":"https:\/\/cst.cat\/es\/wp-json\/wp\/v2\/tags?post=10402"}],"curies":[{"name":"wp","href":"https:\/\/api.w.org\/{rel}","templated":true}]}}

Nutrición, bienestar emocional y actividad física: tres fuentes de salud

<p class="has-medium-font-size">Aula de Salud. Hablamos de salud, hacemos salud</p>

<p class="has-small-font-size">Con motivo del Día Mundial de la Salud en esta nueva sesión del Aula de Salud contaremos con las enfermeras Maria Pino del Centro de Salud Mental Ferran Salsas Roig, Meritxell Garcia, del CAP Sant Genís y el jefe de Deportes del Ayuntamiento de Rubí, Ismael Aguilera.</p>

<p>Puedes seguirlo en el <a href="https://www.youtube.com/user/ajuntamentderubi">Canal de Youtube del Ayuntamiento de Rubí</a></p>

<figure class="wp-block-image size-large"><img loading="lazy" decoding="async" width="1366" height="769" src="https://cst.cat/wp-content/uploads/2022/04/Pantalla-ppt-Aula0407-1366x769.png" alt="" class="wp-image-10398" srcset="https://cst.cat/wp-content/uploads/2022/04/Pantalla-ppt-Aula0407-1366x769.png 1366w, https://cst.cat/wp-content/uploads/2022/04/Pantalla-ppt-Aula0407-600x338.png 600w, https://cst.cat/wp-content/uploads/2022/04/Pantalla-ppt-Aula0407-768x432.png 768w, https://cst.cat/wp-content/uploads/2022/04/Pantalla-ppt-Aula0407-1536x865.png 1536w, https://cst.cat/wp-content/uploads/2022/04/Pantalla-ppt-Aula0407.png 2000w" sizes="auto, (max-width: 1366px) 100vw, 1366px" /></figure>

<!-- This site is optimized with the Yoast SEO plugin v27.2 - https://yoast.com/product/yoast-seo-wordpress/ -->
<title>Nutrición, bienestar emocional y actividad física: tres fuentes de salud - CST</title>
<meta name="robots" content="index, follow, max-snippet:-1, max-image-preview:large, max-video-preview:-1" />
<link rel="canonical" href="https://cst.cat/es/agenda/nutricion-bienestar-emocional-y-actividad-fisica-tres-fuentes-de-salud/" />
<meta property="og:locale" content="es_ES" />
<meta property="og:type" content="article" />
<meta property="og:title" content="Nutrición, bienestar emocional y actividad física: tres fuentes de salud - CST" />
<meta property="og:description" content="Aula de Salud. Hablamos de salud, hacemos salud Con motivo del Día Mundial de la Salud en esta nueva sesión del Aula de Salud contaremos con las enfermeras Maria Pino del Centro de Salud Mental Ferran Salsas Roig, Meritxell Garcia, del CAP Sant Genís y el jefe de Deportes del Ayuntamiento de Rubí, Ismael Aguilera. [&hellip;]" />
<meta property="og:url" content="https://cst.cat/es/agenda/nutricion-bienestar-emocional-y-actividad-fisica-tres-fuentes-de-salud/" />
<meta property="og:site_name" content="CST" />
<meta property="article:modified_time" content="2024-10-23T11:55:54+00:00" />
<meta property="og:image" content="https://cst.cat/wp-content/uploads/2022/04/700x468.png" />
	<meta property="og:image:width" content="700" />
	<meta property="og:image:height" content="468" />
	<meta property="og:image:type" content="image/png" />
<meta name="twitter:card" content="summary_large_image" />
<script type="application/ld+json" class="yoast-schema-graph">{"@context":"https://schema.org","@graph":[{"@type":"WebPage","@id":"https://cst.cat/es/agenda/nutricion-bienestar-emocional-y-actividad-fisica-tres-fuentes-de-salud/","url":"https://cst.cat/es/agenda/nutricion-bienestar-emocional-y-actividad-fisica-tres-fuentes-de-salud/","name":"Nutrición, bienestar emocional y actividad física: tres fuentes de salud - CST","isPartOf":{"@id":"https://cst.cat/es/#website"},"primaryImageOfPage":{"@id":"https://cst.cat/es/agenda/nutricion-bienestar-emocional-y-actividad-fisica-tres-fuentes-de-salud/#primaryimage"},"image":{"@id":"https://cst.cat/es/agenda/nutricion-bienestar-emocional-y-actividad-fisica-tres-fuentes-de-salud/#primaryimage"},"thumbnailUrl":"https://cst.cat/wp-content/uploads/2022/04/700x468.png","datePublished":"2022-04-01T11:53:39+00:00","dateModified":"2024-10-23T11:55:54+00:00","breadcrumb":{"@id":"https://cst.cat/es/agenda/nutricion-bienestar-emocional-y-actividad-fisica-tres-fuentes-de-salud/#breadcrumb"},"inLanguage":"es","potentialAction":[{"@type":"ReadAction","target":["https://cst.cat/es/agenda/nutricion-bienestar-emocional-y-actividad-fisica-tres-fuentes-de-salud/"]}]},{"@type":"ImageObject","inLanguage":"es","@id":"https://cst.cat/es/agenda/nutricion-bienestar-emocional-y-actividad-fisica-tres-fuentes-de-salud/#primaryimage","url":"https://cst.cat/wp-content/uploads/2022/04/700x468.png","contentUrl":"https://cst.cat/wp-content/uploads/2022/04/700x468.png","width":700,"height":468},{"@type":"BreadcrumbList","@id":"https://cst.cat/es/agenda/nutricion-bienestar-emocional-y-actividad-fisica-tres-fuentes-de-salud/#breadcrumb","itemListElement":[{"@type":"ListItem","position":1,"name":"Inici","item":"https://cst.cat/es/"},{"@type":"ListItem","position":2,"name":"Nutrición, bienestar emocional y actividad física: tres fuentes de salud"}]},{"@type":"WebSite","@id":"https://cst.cat/es/#website","url":"https://cst.cat/es/","name":"CST","description":"","publisher":{"@id":"https://cst.cat/es/#organization"},"potentialAction":[{"@type":"SearchAction","target":{"@type":"EntryPoint","urlTemplate":"https://cst.cat/es/?s={search_term_string}"},"query-input":{"@type":"PropertyValueSpecification","valueRequired":true,"valueName":"search_term_string"}}],"inLanguage":"es"},{"@type":"Organization","@id":"https://cst.cat/es/#organization","name":"Consorci Sanitari de Terrassa","url":"https://cst.cat/es/","logo":{"@type":"ImageObject","inLanguage":"es","@id":"https://cst.cat/es/#/schema/logo/image/","url":"https://cst.cat/wp-content/uploads/2021/09/logo-header.svg","contentUrl":"https://cst.cat/wp-content/uploads/2021/09/logo-header.svg","width":90,"height":32,"caption":"Consorci Sanitari de Terrassa"},"image":{"@id":"https://cst.cat/es/#/schema/logo/image/"}}]}</script>
<!-- / Yoast SEO plugin. -->

Nutrición, bienestar emocional y actividad física: tres fuentes de salud - CST

Aula de Salud. Hablamos de salud, hacemos salud Con motivo del Día Mundial de la Salud en esta nueva sesión del Aula de Salud contaremos con las enfermeras Maria Pino del Centro de Salud Mental Ferran Salsas Roig, Meritxell Garcia, del CAP Sant Genís y el jefe de Deportes del Ayuntamiento de Rubí, Ismael Aguilera. [&hellip;]
