{"id":12360,"date":"2022-07-01T09:50:20","date_gmt":"2022-07-01T07:50:20","guid":{"rendered":"https:\/\/cst.cat\/?post_type=agenda&#038;p=12360"},"modified":"2022-07-01T09:52:26","modified_gmt":"2022-07-01T07:52:26","slug":"participa-al-projecte-tactiva","status":"publish","type":"agenda","link":"https:\/\/cst.cat\/es\/agenda\/participa-al-projecte-tactiva\/","title":{"rendered":"Participa al projecte t&#8217;activa!"},"content":{"rendered":"\n<p>L&#8217;aplicaci\u00f3 m\u00f2bil del projecte <a href=\"https:\/\/twitter.com\/hashtag\/Tactiva?src=hashtag_click\">#Tactiva<\/a>,  t&#8217;ajudar\u00e0 a combatre la <a href=\"https:\/\/twitter.com\/hashtag\/SolitudNoVolguda?src=hashtag_click\">#SolitudNoVolguda<\/a>. Podr\u00e0s participar en activitats del teu entorn, accedir a serveis i estar en contacte amb altres persones.<\/p>\n\n\n\n<figure class=\"wp-block-image size-full\"><img loading=\"lazy\" decoding=\"async\" width=\"841\" height=\"635\" src=\"https:\/\/cst.cat\/wp-content\/uploads\/2022\/07\/tactiva.png\" alt=\"\" class=\"wp-image-12361\" srcset=\"https:\/\/cst.cat\/wp-content\/uploads\/2022\/07\/tactiva.png 841w, https:\/\/cst.cat\/wp-content\/uploads\/2022\/07\/tactiva-600x453.png 600w, https:\/\/cst.cat\/wp-content\/uploads\/2022\/07\/tactiva-768x580.png 768w\" sizes=\"auto, (max-width: 841px) 100vw, 841px\" \/><\/figure>\n","protected":false},"featured_media":12365,"template":"","categories":[601],"tags":[603,604,602],"class_list":["post-12360","agenda","type-agenda","status-publish","has-post-thumbnail","hentry","category-projecte-tactiva","tag-conducta","tag-projecte-tactiva","tag-cognicio"],"acf":[],"yoast_head":"<!-- This site is optimized with the Yoast SEO plugin v27.2 - https:\/\/yoast.com\/product\/yoast-seo-wordpress\/ -->\n<title>Participa al projecte t&#039;activa! - CST<\/title>\n<meta name=\"robots\" content=\"index, follow, max-snippet:-1, max-image-preview:large, max-video-preview:-1\" \/>\n<link rel=\"canonical\" href=\"https:\/\/cst.cat\/es\/agenda\/participa-al-projecte-tactiva\/\" \/>\n<meta property=\"og:locale\" content=\"es_ES\" \/>\n<meta property=\"og:type\" content=\"article\" \/>\n<meta property=\"og:title\" content=\"Participa al projecte t&#039;activa! - CST\" \/>\n<meta property=\"og:description\" content=\"L&#8217;aplicaci\u00f3 m\u00f2bil del projecte #Tactiva, t&#8217;ajudar\u00e0 a combatre la #SolitudNoVolguda. Podr\u00e0s participar en activitats del teu entorn, accedir a serveis i estar en contacte amb altres persones.\" \/>\n<meta property=\"og:url\" content=\"https:\/\/cst.cat\/es\/agenda\/participa-al-projecte-tactiva\/\" \/>\n<meta property=\"og:site_name\" content=\"CST\" \/>\n<meta property=\"article:modified_time\" content=\"2022-07-01T07:52:26+00:00\" \/>\n<meta property=\"og:image\" content=\"https:\/\/cst.cat\/wp-content\/uploads\/2022\/07\/700x468.png\" \/>\n\t<meta property=\"og:image:width\" content=\"700\" \/>\n\t<meta property=\"og:image:height\" content=\"468\" \/>\n\t<meta property=\"og:image:type\" content=\"image\/png\" \/>\n<meta name=\"twitter:card\" content=\"summary_large_image\" \/>\n<meta name=\"twitter:label1\" content=\"Tiempo de lectura\" \/>\n\t<meta name=\"twitter:data1\" content=\"1 minuto\" \/>\n<script type=\"application\/ld+json\" class=\"yoast-schema-graph\">{\"@context\":\"https:\/\/schema.org\",\"@graph\":[{\"@type\":\"WebPage\",\"@id\":\"https:\/\/cst.cat\/es\/agenda\/participa-al-projecte-tactiva\/\",\"url\":\"https:\/\/cst.cat\/es\/agenda\/participa-al-projecte-tactiva\/\",\"name\":\"Participa al projecte t'activa! - CST\",\"isPartOf\":{\"@id\":\"https:\/\/cst.cat\/es\/#website\"},\"primaryImageOfPage\":{\"@id\":\"https:\/\/cst.cat\/es\/agenda\/participa-al-projecte-tactiva\/#primaryimage\"},\"image\":{\"@id\":\"https:\/\/cst.cat\/es\/agenda\/participa-al-projecte-tactiva\/#primaryimage\"},\"thumbnailUrl\":\"https:\/\/cst.cat\/wp-content\/uploads\/2022\/07\/700x468.png\",\"datePublished\":\"2022-07-01T07:50:20+00:00\",\"dateModified\":\"2022-07-01T07:52:26+00:00\",\"breadcrumb\":{\"@id\":\"https:\/\/cst.cat\/es\/agenda\/participa-al-projecte-tactiva\/#breadcrumb\"},\"inLanguage\":\"es\",\"potentialAction\":[{\"@type\":\"ReadAction\",\"target\":[\"https:\/\/cst.cat\/es\/agenda\/participa-al-projecte-tactiva\/\"]}]},{\"@type\":\"ImageObject\",\"inLanguage\":\"es\",\"@id\":\"https:\/\/cst.cat\/es\/agenda\/participa-al-projecte-tactiva\/#primaryimage\",\"url\":\"https:\/\/cst.cat\/wp-content\/uploads\/2022\/07\/700x468.png\",\"contentUrl\":\"https:\/\/cst.cat\/wp-content\/uploads\/2022\/07\/700x468.png\",\"width\":700,\"height\":468},{\"@type\":\"BreadcrumbList\",\"@id\":\"https:\/\/cst.cat\/es\/agenda\/participa-al-projecte-tactiva\/#breadcrumb\",\"itemListElement\":[{\"@type\":\"ListItem\",\"position\":1,\"name\":\"Inici\",\"item\":\"https:\/\/cst.cat\/es\/\"},{\"@type\":\"ListItem\",\"position\":2,\"name\":\"Participa al projecte t&#8217;activa!\"}]},{\"@type\":\"WebSite\",\"@id\":\"https:\/\/cst.cat\/es\/#website\",\"url\":\"https:\/\/cst.cat\/es\/\",\"name\":\"CST\",\"description\":\"\",\"publisher\":{\"@id\":\"https:\/\/cst.cat\/es\/#organization\"},\"potentialAction\":[{\"@type\":\"SearchAction\",\"target\":{\"@type\":\"EntryPoint\",\"urlTemplate\":\"https:\/\/cst.cat\/es\/?s={search_term_string}\"},\"query-input\":{\"@type\":\"PropertyValueSpecification\",\"valueRequired\":true,\"valueName\":\"search_term_string\"}}],\"inLanguage\":\"es\"},{\"@type\":\"Organization\",\"@id\":\"https:\/\/cst.cat\/es\/#organization\",\"name\":\"Consorci Sanitari de Terrassa\",\"url\":\"https:\/\/cst.cat\/es\/\",\"logo\":{\"@type\":\"ImageObject\",\"inLanguage\":\"es\",\"@id\":\"https:\/\/cst.cat\/es\/#\/schema\/logo\/image\/\",\"url\":\"https:\/\/cst.cat\/wp-content\/uploads\/2021\/09\/logo-header.svg\",\"contentUrl\":\"https:\/\/cst.cat\/wp-content\/uploads\/2021\/09\/logo-header.svg\",\"width\":90,\"height\":32,\"caption\":\"Consorci Sanitari de Terrassa\"},\"image\":{\"@id\":\"https:\/\/cst.cat\/es\/#\/schema\/logo\/image\/\"}}]}<\/script>\n<!-- \/ Yoast SEO plugin. -->","yoast_head_json":{"title":"Participa al projecte t'activa! - CST","robots":{"index":"index","follow":"follow","max-snippet":"max-snippet:-1","max-image-preview":"max-image-preview:large","max-video-preview":"max-video-preview:-1"},"canonical":"https:\/\/cst.cat\/es\/agenda\/participa-al-projecte-tactiva\/","og_locale":"es_ES","og_type":"article","og_title":"Participa al projecte t'activa! - CST","og_description":"L&#8217;aplicaci\u00f3 m\u00f2bil del projecte #Tactiva, t&#8217;ajudar\u00e0 a combatre la #SolitudNoVolguda. Podr\u00e0s participar en activitats del teu entorn, accedir a serveis i estar en contacte amb altres persones.","og_url":"https:\/\/cst.cat\/es\/agenda\/participa-al-projecte-tactiva\/","og_site_name":"CST","article_modified_time":"2022-07-01T07:52:26+00:00","og_image":[{"width":700,"height":468,"url":"https:\/\/cst.cat\/wp-content\/uploads\/2022\/07\/700x468.png","type":"image\/png"}],"twitter_card":"summary_large_image","twitter_misc":{"Tiempo de lectura":"1 minuto"},"schema":{"@context":"https:\/\/schema.org","@graph":[{"@type":"WebPage","@id":"https:\/\/cst.cat\/es\/agenda\/participa-al-projecte-tactiva\/","url":"https:\/\/cst.cat\/es\/agenda\/participa-al-projecte-tactiva\/","name":"Participa al projecte t'activa! - CST","isPartOf":{"@id":"https:\/\/cst.cat\/es\/#website"},"primaryImageOfPage":{"@id":"https:\/\/cst.cat\/es\/agenda\/participa-al-projecte-tactiva\/#primaryimage"},"image":{"@id":"https:\/\/cst.cat\/es\/agenda\/participa-al-projecte-tactiva\/#primaryimage"},"thumbnailUrl":"https:\/\/cst.cat\/wp-content\/uploads\/2022\/07\/700x468.png","datePublished":"2022-07-01T07:50:20+00:00","dateModified":"2022-07-01T07:52:26+00:00","breadcrumb":{"@id":"https:\/\/cst.cat\/es\/agenda\/participa-al-projecte-tactiva\/#breadcrumb"},"inLanguage":"es","potentialAction":[{"@type":"ReadAction","target":["https:\/\/cst.cat\/es\/agenda\/participa-al-projecte-tactiva\/"]}]},{"@type":"ImageObject","inLanguage":"es","@id":"https:\/\/cst.cat\/es\/agenda\/participa-al-projecte-tactiva\/#primaryimage","url":"https:\/\/cst.cat\/wp-content\/uploads\/2022\/07\/700x468.png","contentUrl":"https:\/\/cst.cat\/wp-content\/uploads\/2022\/07\/700x468.png","width":700,"height":468},{"@type":"BreadcrumbList","@id":"https:\/\/cst.cat\/es\/agenda\/participa-al-projecte-tactiva\/#breadcrumb","itemListElement":[{"@type":"ListItem","position":1,"name":"Inici","item":"https:\/\/cst.cat\/es\/"},{"@type":"ListItem","position":2,"name":"Participa al projecte t&#8217;activa!"}]},{"@type":"WebSite","@id":"https:\/\/cst.cat\/es\/#website","url":"https:\/\/cst.cat\/es\/","name":"CST","description":"","publisher":{"@id":"https:\/\/cst.cat\/es\/#organization"},"potentialAction":[{"@type":"SearchAction","target":{"@type":"EntryPoint","urlTemplate":"https:\/\/cst.cat\/es\/?s={search_term_string}"},"query-input":{"@type":"PropertyValueSpecification","valueRequired":true,"valueName":"search_term_string"}}],"inLanguage":"es"},{"@type":"Organization","@id":"https:\/\/cst.cat\/es\/#organization","name":"Consorci Sanitari de Terrassa","url":"https:\/\/cst.cat\/es\/","logo":{"@type":"ImageObject","inLanguage":"es","@id":"https:\/\/cst.cat\/es\/#\/schema\/logo\/image\/","url":"https:\/\/cst.cat\/wp-content\/uploads\/2021\/09\/logo-header.svg","contentUrl":"https:\/\/cst.cat\/wp-content\/uploads\/2021\/09\/logo-header.svg","width":90,"height":32,"caption":"Consorci Sanitari de Terrassa"},"image":{"@id":"https:\/\/cst.cat\/es\/#\/schema\/logo\/image\/"}}]}},"_links":{"self":[{"href":"https:\/\/cst.cat\/es\/wp-json\/wp\/v2\/agenda\/12360","targetHints":{"allow":["GET"]}}],"collection":[{"href":"https:\/\/cst.cat\/es\/wp-json\/wp\/v2\/agenda"}],"about":[{"href":"https:\/\/cst.cat\/es\/wp-json\/wp\/v2\/types\/agenda"}],"wp:featuredmedia":[{"embeddable":true,"href":"https:\/\/cst.cat\/es\/wp-json\/wp\/v2\/media\/12365"}],"wp:attachment":[{"href":"https:\/\/cst.cat\/es\/wp-json\/wp\/v2\/media?parent=12360"}],"wp:term":[{"taxonomy":"category","embeddable":true,"href":"https:\/\/cst.cat\/es\/wp-json\/wp\/v2\/categories?post=12360"},{"taxonomy":"post_tag","embeddable":true,"href":"https:\/\/cst.cat\/es\/wp-json\/wp\/v2\/tags?post=12360"}],"curies":[{"name":"wp","href":"https:\/\/api.w.org\/{rel}","templated":true}]}}

<p>L&#8217;aplicació mòbil del projecte <a href="https://twitter.com/hashtag/Tactiva?src=hashtag_click">#Tactiva</a>,  t&#8217;ajudarà a combatre la <a href="https://twitter.com/hashtag/SolitudNoVolguda?src=hashtag_click">#SolitudNoVolguda</a>. Podràs participar en activitats del teu entorn, accedir a serveis i estar en contacte amb altres persones.</p>



<figure class="wp-block-image size-full"><img loading="lazy" decoding="async" width="841" height="635" src="https://cst.cat/wp-content/uploads/2022/07/tactiva.png" alt="" class="wp-image-12361" srcset="https://cst.cat/wp-content/uploads/2022/07/tactiva.png 841w, https://cst.cat/wp-content/uploads/2022/07/tactiva-600x453.png 600w, https://cst.cat/wp-content/uploads/2022/07/tactiva-768x580.png 768w" sizes="auto, (max-width: 841px) 100vw, 841px" /></figure>

<!-- This site is optimized with the Yoast SEO plugin v27.2 - https://yoast.com/product/yoast-seo-wordpress/ -->
<title>Participa al projecte t&#039;activa! - CST</title>
<meta name="robots" content="index, follow, max-snippet:-1, max-image-preview:large, max-video-preview:-1" />
<link rel="canonical" href="https://cst.cat/es/agenda/participa-al-projecte-tactiva/" />
<meta property="og:locale" content="es_ES" />
<meta property="og:type" content="article" />
<meta property="og:title" content="Participa al projecte t&#039;activa! - CST" />
<meta property="og:description" content="L&#8217;aplicació mòbil del projecte #Tactiva, t&#8217;ajudarà a combatre la #SolitudNoVolguda. Podràs participar en activitats del teu entorn, accedir a serveis i estar en contacte amb altres persones." />
<meta property="og:url" content="https://cst.cat/es/agenda/participa-al-projecte-tactiva/" />
<meta property="og:site_name" content="CST" />
<meta property="article:modified_time" content="2022-07-01T07:52:26+00:00" />
<meta property="og:image" content="https://cst.cat/wp-content/uploads/2022/07/700x468.png" />
	<meta property="og:image:width" content="700" />
	<meta property="og:image:height" content="468" />
	<meta property="og:image:type" content="image/png" />
<meta name="twitter:card" content="summary_large_image" />
<meta name="twitter:label1" content="Tiempo de lectura" />
	<meta name="twitter:data1" content="1 minuto" />
<script type="application/ld+json" class="yoast-schema-graph">{"@context":"https://schema.org","@graph":[{"@type":"WebPage","@id":"https://cst.cat/es/agenda/participa-al-projecte-tactiva/","url":"https://cst.cat/es/agenda/participa-al-projecte-tactiva/","name":"Participa al projecte t'activa! - CST","isPartOf":{"@id":"https://cst.cat/es/#website"},"primaryImageOfPage":{"@id":"https://cst.cat/es/agenda/participa-al-projecte-tactiva/#primaryimage"},"image":{"@id":"https://cst.cat/es/agenda/participa-al-projecte-tactiva/#primaryimage"},"thumbnailUrl":"https://cst.cat/wp-content/uploads/2022/07/700x468.png","datePublished":"2022-07-01T07:50:20+00:00","dateModified":"2022-07-01T07:52:26+00:00","breadcrumb":{"@id":"https://cst.cat/es/agenda/participa-al-projecte-tactiva/#breadcrumb"},"inLanguage":"es","potentialAction":[{"@type":"ReadAction","target":["https://cst.cat/es/agenda/participa-al-projecte-tactiva/"]}]},{"@type":"ImageObject","inLanguage":"es","@id":"https://cst.cat/es/agenda/participa-al-projecte-tactiva/#primaryimage","url":"https://cst.cat/wp-content/uploads/2022/07/700x468.png","contentUrl":"https://cst.cat/wp-content/uploads/2022/07/700x468.png","width":700,"height":468},{"@type":"BreadcrumbList","@id":"https://cst.cat/es/agenda/participa-al-projecte-tactiva/#breadcrumb","itemListElement":[{"@type":"ListItem","position":1,"name":"Inici","item":"https://cst.cat/es/"},{"@type":"ListItem","position":2,"name":"Participa al projecte t&#8217;activa!"}]},{"@type":"WebSite","@id":"https://cst.cat/es/#website","url":"https://cst.cat/es/","name":"CST","description":"","publisher":{"@id":"https://cst.cat/es/#organization"},"potentialAction":[{"@type":"SearchAction","target":{"@type":"EntryPoint","urlTemplate":"https://cst.cat/es/?s={search_term_string}"},"query-input":{"@type":"PropertyValueSpecification","valueRequired":true,"valueName":"search_term_string"}}],"inLanguage":"es"},{"@type":"Organization","@id":"https://cst.cat/es/#organization","name":"Consorci Sanitari de Terrassa","url":"https://cst.cat/es/","logo":{"@type":"ImageObject","inLanguage":"es","@id":"https://cst.cat/es/#/schema/logo/image/","url":"https://cst.cat/wp-content/uploads/2021/09/logo-header.svg","contentUrl":"https://cst.cat/wp-content/uploads/2021/09/logo-header.svg","width":90,"height":32,"caption":"Consorci Sanitari de Terrassa"},"image":{"@id":"https://cst.cat/es/#/schema/logo/image/"}}]}</script>
<!-- / Yoast SEO plugin. -->

L&#8217;aplicació mòbil del projecte #Tactiva, t&#8217;ajudarà a combatre la #SolitudNoVolguda. Podràs participar en activitats del teu entorn, accedir a serveis i estar en contacte amb altres persones.
