{"id":24496,"date":"2024-04-22T11:49:20","date_gmt":"2024-04-22T09:49:20","guid":{"rendered":"https:\/\/cst.cat\/agenda\/jornada-dia-de-la-enfermera-2024-las-enfermeras-innovamos-ho-expliquem\/"},"modified":"2024-10-24T13:49:59","modified_gmt":"2024-10-24T11:49:59","slug":"jornada-dia-de-la-enfermera-2024-las-enfermeras-innovamos-ho-expliquem","status":"publish","type":"agenda","link":"https:\/\/cst.cat\/es\/agenda\/jornada-dia-de-la-enfermera-2024-las-enfermeras-innovamos-ho-expliquem\/","title":{"rendered":"Jornada D\u00eda de la Enfermera 2024: Las enfermeras innovamos. Ho expliquem?"},"content":{"rendered":"<div class=\"wp-block-image is-style-default\">\n<figure class=\"aligncenter size-large is-resized\"><img loading=\"lazy\" decoding=\"async\" width=\"966\" height=\"1366\" src=\"https:\/\/cst.cat\/wp-content\/uploads\/2024\/04\/POSTER-JORNADA-INFERMERIA-INNOVADORES-2024-1-966x1366.jpg\" alt=\"\" class=\"wp-image-24490\" style=\"width:453px;height:640px\" srcset=\"https:\/\/cst.cat\/wp-content\/uploads\/2024\/04\/POSTER-JORNADA-INFERMERIA-INNOVADORES-2024-1-966x1366.jpg 966w, https:\/\/cst.cat\/wp-content\/uploads\/2024\/04\/POSTER-JORNADA-INFERMERIA-INNOVADORES-2024-1-424x600.jpg 424w, https:\/\/cst.cat\/wp-content\/uploads\/2024\/04\/POSTER-JORNADA-INFERMERIA-INNOVADORES-2024-1-212x300.jpg 212w, https:\/\/cst.cat\/wp-content\/uploads\/2024\/04\/POSTER-JORNADA-INFERMERIA-INNOVADORES-2024-1-768x1086.jpg 768w, https:\/\/cst.cat\/wp-content\/uploads\/2024\/04\/POSTER-JORNADA-INFERMERIA-INNOVADORES-2024-1-1086x1536.jpg 1086w, https:\/\/cst.cat\/wp-content\/uploads\/2024\/04\/POSTER-JORNADA-INFERMERIA-INNOVADORES-2024-1.jpg 1123w\" sizes=\"auto, (max-width: 966px) 100vw, 966px\" \/><\/figure><\/div>\n<hr class=\"wp-block-separator has-css-opacity\"\/>\n\n<p class=\"has-medium-font-size\"><strong>Objetivo de la Jornada:<\/strong> <\/p>\n\n<p>Dar a conocer y poner en valor los proyectos que est\u00e1n desarrollando las enfermeras del CST en el \u00e1mbito de la investigaci\u00f3n y la innovaci\u00f3n.  <\/p>\n\n<hr class=\"wp-block-separator has-css-opacity\"\/>\n\n<p><strong>Dirigido a: <\/strong><\/p>\n\n<p>Personal de Enfermer\u00eda del Consorcio Sanitario de Terrassa.  <\/p>\n\n<hr class=\"wp-block-separator has-css-opacity\"\/>\n\n<p class=\"has-medium-font-size\"><strong>Informaci\u00f3n e inscripciones: <\/strong><\/p>\n\n<p><strong>Personal interno CST: <\/strong><a href=\"https:\/\/cst.web.lsessions.com\/\">\n  <strong>CSTAprende<\/strong>\n<\/a><\/p>\n\n<p><strong>Personal externo CST:<strong> <\/strong><\/strong>a trav\u00e9s del siguiente <strong><a href=\"https:\/\/forms.office.com\/pages\/responsepage.aspx?id=MJBK9WozfU6tK-0hdeCdftzk2kcO_QNOvM7FItRs805UQlZHR1FUMTlXVUJFWFAzSUI3REFNNDZaQS4u\" target=\"_blank\" rel=\"noreferrer noopener\">FORMULARIO<\/a><\/strong><br\/><br\/> Fecha l\u00edmite de inscripci\u00f3n <strong>: 7 de mayo de 2024<\/strong><\/p>\n\n<p><\/p>\n","protected":false},"featured_media":24495,"template":"","categories":[181,156],"tags":[1456,409],"class_list":["post-24496","agenda","type-agenda","status-publish","has-post-thumbnail","hentry","category-cst-es","category-jornadas-y-congresos","tag-hospital-universitario-de-terrassa","tag-cst-es"],"acf":[],"yoast_head":"<!-- This site is optimized with the Yoast SEO plugin v27.2 - https:\/\/yoast.com\/product\/yoast-seo-wordpress\/ -->\n<title>Jornada D\u00eda de la Enfermera 2024: Las enfermeras innovamos. Ho expliquem? - CST<\/title>\n<meta name=\"robots\" content=\"index, follow, max-snippet:-1, max-image-preview:large, max-video-preview:-1\" \/>\n<link rel=\"canonical\" href=\"https:\/\/cst.cat\/es\/agenda\/jornada-dia-de-la-enfermera-2024-las-enfermeras-innovamos-ho-expliquem\/\" \/>\n<meta property=\"og:locale\" content=\"es_ES\" \/>\n<meta property=\"og:type\" content=\"article\" \/>\n<meta property=\"og:title\" content=\"Jornada D\u00eda de la Enfermera 2024: Las enfermeras innovamos. Ho expliquem? - CST\" \/>\n<meta property=\"og:description\" content=\"Objetivo de la Jornada: Dar a conocer y poner en valor los proyectos que est\u00e1n desarrollando las enfermeras del CST en el \u00e1mbito de la investigaci\u00f3n y la innovaci\u00f3n. Dirigido a: Personal de Enfermer\u00eda del Consorcio Sanitario de Terrassa. Informaci\u00f3n e inscripciones: Personal interno CST: CSTAprende Personal externo CST: a trav\u00e9s del siguiente FORMULARIO Fecha [&hellip;]\" \/>\n<meta property=\"og:url\" content=\"https:\/\/cst.cat\/es\/agenda\/jornada-dia-de-la-enfermera-2024-las-enfermeras-innovamos-ho-expliquem\/\" \/>\n<meta property=\"og:site_name\" content=\"CST\" \/>\n<meta property=\"article:modified_time\" content=\"2024-10-24T11:49:59+00:00\" \/>\n<meta property=\"og:image\" content=\"https:\/\/cst.cat\/wp-content\/uploads\/2024\/04\/infermera-.png\" \/>\n\t<meta property=\"og:image:width\" content=\"700\" \/>\n\t<meta property=\"og:image:height\" content=\"468\" \/>\n\t<meta property=\"og:image:type\" content=\"image\/png\" \/>\n<meta name=\"twitter:card\" content=\"summary_large_image\" \/>\n<script type=\"application\/ld+json\" class=\"yoast-schema-graph\">{\"@context\":\"https:\/\/schema.org\",\"@graph\":[{\"@type\":\"WebPage\",\"@id\":\"https:\/\/cst.cat\/es\/agenda\/jornada-dia-de-la-enfermera-2024-las-enfermeras-innovamos-ho-expliquem\/\",\"url\":\"https:\/\/cst.cat\/es\/agenda\/jornada-dia-de-la-enfermera-2024-las-enfermeras-innovamos-ho-expliquem\/\",\"name\":\"Jornada D\u00eda de la Enfermera 2024: Las enfermeras innovamos. Ho expliquem? - CST\",\"isPartOf\":{\"@id\":\"https:\/\/cst.cat\/es\/#website\"},\"primaryImageOfPage\":{\"@id\":\"https:\/\/cst.cat\/es\/agenda\/jornada-dia-de-la-enfermera-2024-las-enfermeras-innovamos-ho-expliquem\/#primaryimage\"},\"image\":{\"@id\":\"https:\/\/cst.cat\/es\/agenda\/jornada-dia-de-la-enfermera-2024-las-enfermeras-innovamos-ho-expliquem\/#primaryimage\"},\"thumbnailUrl\":\"https:\/\/cst.cat\/wp-content\/uploads\/2024\/04\/infermera-.png\",\"datePublished\":\"2024-04-22T09:49:20+00:00\",\"dateModified\":\"2024-10-24T11:49:59+00:00\",\"breadcrumb\":{\"@id\":\"https:\/\/cst.cat\/es\/agenda\/jornada-dia-de-la-enfermera-2024-las-enfermeras-innovamos-ho-expliquem\/#breadcrumb\"},\"inLanguage\":\"es\",\"potentialAction\":[{\"@type\":\"ReadAction\",\"target\":[\"https:\/\/cst.cat\/es\/agenda\/jornada-dia-de-la-enfermera-2024-las-enfermeras-innovamos-ho-expliquem\/\"]}]},{\"@type\":\"ImageObject\",\"inLanguage\":\"es\",\"@id\":\"https:\/\/cst.cat\/es\/agenda\/jornada-dia-de-la-enfermera-2024-las-enfermeras-innovamos-ho-expliquem\/#primaryimage\",\"url\":\"https:\/\/cst.cat\/wp-content\/uploads\/2024\/04\/infermera-.png\",\"contentUrl\":\"https:\/\/cst.cat\/wp-content\/uploads\/2024\/04\/infermera-.png\",\"width\":700,\"height\":468},{\"@type\":\"BreadcrumbList\",\"@id\":\"https:\/\/cst.cat\/es\/agenda\/jornada-dia-de-la-enfermera-2024-las-enfermeras-innovamos-ho-expliquem\/#breadcrumb\",\"itemListElement\":[{\"@type\":\"ListItem\",\"position\":1,\"name\":\"Inici\",\"item\":\"https:\/\/cst.cat\/es\/\"},{\"@type\":\"ListItem\",\"position\":2,\"name\":\"Jornada D\u00eda de la Enfermera 2024: Las enfermeras innovamos. Ho expliquem?\"}]},{\"@type\":\"WebSite\",\"@id\":\"https:\/\/cst.cat\/es\/#website\",\"url\":\"https:\/\/cst.cat\/es\/\",\"name\":\"CST\",\"description\":\"\",\"publisher\":{\"@id\":\"https:\/\/cst.cat\/es\/#organization\"},\"potentialAction\":[{\"@type\":\"SearchAction\",\"target\":{\"@type\":\"EntryPoint\",\"urlTemplate\":\"https:\/\/cst.cat\/es\/?s={search_term_string}\"},\"query-input\":{\"@type\":\"PropertyValueSpecification\",\"valueRequired\":true,\"valueName\":\"search_term_string\"}}],\"inLanguage\":\"es\"},{\"@type\":\"Organization\",\"@id\":\"https:\/\/cst.cat\/es\/#organization\",\"name\":\"Consorci Sanitari de Terrassa\",\"url\":\"https:\/\/cst.cat\/es\/\",\"logo\":{\"@type\":\"ImageObject\",\"inLanguage\":\"es\",\"@id\":\"https:\/\/cst.cat\/es\/#\/schema\/logo\/image\/\",\"url\":\"https:\/\/cst.cat\/wp-content\/uploads\/2021\/09\/logo-header.svg\",\"contentUrl\":\"https:\/\/cst.cat\/wp-content\/uploads\/2021\/09\/logo-header.svg\",\"width\":90,\"height\":32,\"caption\":\"Consorci Sanitari de Terrassa\"},\"image\":{\"@id\":\"https:\/\/cst.cat\/es\/#\/schema\/logo\/image\/\"}}]}<\/script>\n<!-- \/ Yoast SEO plugin. -->","yoast_head_json":{"title":"Jornada D\u00eda de la Enfermera 2024: Las enfermeras innovamos. Ho expliquem? - CST","robots":{"index":"index","follow":"follow","max-snippet":"max-snippet:-1","max-image-preview":"max-image-preview:large","max-video-preview":"max-video-preview:-1"},"canonical":"https:\/\/cst.cat\/es\/agenda\/jornada-dia-de-la-enfermera-2024-las-enfermeras-innovamos-ho-expliquem\/","og_locale":"es_ES","og_type":"article","og_title":"Jornada D\u00eda de la Enfermera 2024: Las enfermeras innovamos. Ho expliquem? - CST","og_description":"Objetivo de la Jornada: Dar a conocer y poner en valor los proyectos que est\u00e1n desarrollando las enfermeras del CST en el \u00e1mbito de la investigaci\u00f3n y la innovaci\u00f3n. Dirigido a: Personal de Enfermer\u00eda del Consorcio Sanitario de Terrassa. Informaci\u00f3n e inscripciones: Personal interno CST: CSTAprende Personal externo CST: a trav\u00e9s del siguiente FORMULARIO Fecha [&hellip;]","og_url":"https:\/\/cst.cat\/es\/agenda\/jornada-dia-de-la-enfermera-2024-las-enfermeras-innovamos-ho-expliquem\/","og_site_name":"CST","article_modified_time":"2024-10-24T11:49:59+00:00","og_image":[{"width":700,"height":468,"url":"https:\/\/cst.cat\/wp-content\/uploads\/2024\/04\/infermera-.png","type":"image\/png"}],"twitter_card":"summary_large_image","schema":{"@context":"https:\/\/schema.org","@graph":[{"@type":"WebPage","@id":"https:\/\/cst.cat\/es\/agenda\/jornada-dia-de-la-enfermera-2024-las-enfermeras-innovamos-ho-expliquem\/","url":"https:\/\/cst.cat\/es\/agenda\/jornada-dia-de-la-enfermera-2024-las-enfermeras-innovamos-ho-expliquem\/","name":"Jornada D\u00eda de la Enfermera 2024: Las enfermeras innovamos. Ho expliquem? - CST","isPartOf":{"@id":"https:\/\/cst.cat\/es\/#website"},"primaryImageOfPage":{"@id":"https:\/\/cst.cat\/es\/agenda\/jornada-dia-de-la-enfermera-2024-las-enfermeras-innovamos-ho-expliquem\/#primaryimage"},"image":{"@id":"https:\/\/cst.cat\/es\/agenda\/jornada-dia-de-la-enfermera-2024-las-enfermeras-innovamos-ho-expliquem\/#primaryimage"},"thumbnailUrl":"https:\/\/cst.cat\/wp-content\/uploads\/2024\/04\/infermera-.png","datePublished":"2024-04-22T09:49:20+00:00","dateModified":"2024-10-24T11:49:59+00:00","breadcrumb":{"@id":"https:\/\/cst.cat\/es\/agenda\/jornada-dia-de-la-enfermera-2024-las-enfermeras-innovamos-ho-expliquem\/#breadcrumb"},"inLanguage":"es","potentialAction":[{"@type":"ReadAction","target":["https:\/\/cst.cat\/es\/agenda\/jornada-dia-de-la-enfermera-2024-las-enfermeras-innovamos-ho-expliquem\/"]}]},{"@type":"ImageObject","inLanguage":"es","@id":"https:\/\/cst.cat\/es\/agenda\/jornada-dia-de-la-enfermera-2024-las-enfermeras-innovamos-ho-expliquem\/#primaryimage","url":"https:\/\/cst.cat\/wp-content\/uploads\/2024\/04\/infermera-.png","contentUrl":"https:\/\/cst.cat\/wp-content\/uploads\/2024\/04\/infermera-.png","width":700,"height":468},{"@type":"BreadcrumbList","@id":"https:\/\/cst.cat\/es\/agenda\/jornada-dia-de-la-enfermera-2024-las-enfermeras-innovamos-ho-expliquem\/#breadcrumb","itemListElement":[{"@type":"ListItem","position":1,"name":"Inici","item":"https:\/\/cst.cat\/es\/"},{"@type":"ListItem","position":2,"name":"Jornada D\u00eda de la Enfermera 2024: Las enfermeras innovamos. Ho expliquem?"}]},{"@type":"WebSite","@id":"https:\/\/cst.cat\/es\/#website","url":"https:\/\/cst.cat\/es\/","name":"CST","description":"","publisher":{"@id":"https:\/\/cst.cat\/es\/#organization"},"potentialAction":[{"@type":"SearchAction","target":{"@type":"EntryPoint","urlTemplate":"https:\/\/cst.cat\/es\/?s={search_term_string}"},"query-input":{"@type":"PropertyValueSpecification","valueRequired":true,"valueName":"search_term_string"}}],"inLanguage":"es"},{"@type":"Organization","@id":"https:\/\/cst.cat\/es\/#organization","name":"Consorci Sanitari de Terrassa","url":"https:\/\/cst.cat\/es\/","logo":{"@type":"ImageObject","inLanguage":"es","@id":"https:\/\/cst.cat\/es\/#\/schema\/logo\/image\/","url":"https:\/\/cst.cat\/wp-content\/uploads\/2021\/09\/logo-header.svg","contentUrl":"https:\/\/cst.cat\/wp-content\/uploads\/2021\/09\/logo-header.svg","width":90,"height":32,"caption":"Consorci Sanitari de Terrassa"},"image":{"@id":"https:\/\/cst.cat\/es\/#\/schema\/logo\/image\/"}}]}},"_links":{"self":[{"href":"https:\/\/cst.cat\/es\/wp-json\/wp\/v2\/agenda\/24496","targetHints":{"allow":["GET"]}}],"collection":[{"href":"https:\/\/cst.cat\/es\/wp-json\/wp\/v2\/agenda"}],"about":[{"href":"https:\/\/cst.cat\/es\/wp-json\/wp\/v2\/types\/agenda"}],"wp:featuredmedia":[{"embeddable":true,"href":"https:\/\/cst.cat\/es\/wp-json\/wp\/v2\/media\/24495"}],"wp:attachment":[{"href":"https:\/\/cst.cat\/es\/wp-json\/wp\/v2\/media?parent=24496"}],"wp:term":[{"taxonomy":"category","embeddable":true,"href":"https:\/\/cst.cat\/es\/wp-json\/wp\/v2\/categories?post=24496"},{"taxonomy":"post_tag","embeddable":true,"href":"https:\/\/cst.cat\/es\/wp-json\/wp\/v2\/tags?post=24496"}],"curies":[{"name":"wp","href":"https:\/\/api.w.org\/{rel}","templated":true}]}}

Jornada Día de la Enfermera 2024: Las enfermeras innovamos. Ho expliquem?

<div class="wp-block-image is-style-default">
<figure class="aligncenter size-large is-resized"><img loading="lazy" decoding="async" width="966" height="1366" src="https://cst.cat/wp-content/uploads/2024/04/POSTER-JORNADA-INFERMERIA-INNOVADORES-2024-1-966x1366.jpg" alt="" class="wp-image-24490" style="width:453px;height:640px" srcset="https://cst.cat/wp-content/uploads/2024/04/POSTER-JORNADA-INFERMERIA-INNOVADORES-2024-1-966x1366.jpg 966w, https://cst.cat/wp-content/uploads/2024/04/POSTER-JORNADA-INFERMERIA-INNOVADORES-2024-1-424x600.jpg 424w, https://cst.cat/wp-content/uploads/2024/04/POSTER-JORNADA-INFERMERIA-INNOVADORES-2024-1-212x300.jpg 212w, https://cst.cat/wp-content/uploads/2024/04/POSTER-JORNADA-INFERMERIA-INNOVADORES-2024-1-768x1086.jpg 768w, https://cst.cat/wp-content/uploads/2024/04/POSTER-JORNADA-INFERMERIA-INNOVADORES-2024-1-1086x1536.jpg 1086w, https://cst.cat/wp-content/uploads/2024/04/POSTER-JORNADA-INFERMERIA-INNOVADORES-2024-1.jpg 1123w" sizes="auto, (max-width: 966px) 100vw, 966px" /></figure></div>
<hr class="wp-block-separator has-css-opacity"/>

<p class="has-medium-font-size"><strong>Objetivo de la Jornada:</strong> </p>

<p>Dar a conocer y poner en valor los proyectos que están desarrollando las enfermeras del CST en el ámbito de la investigación y la innovación.  </p>

<hr class="wp-block-separator has-css-opacity"/>

<p><strong>Dirigido a: </strong></p>

<p>Personal de Enfermería del Consorcio Sanitario de Terrassa.  </p>

<hr class="wp-block-separator has-css-opacity"/>

<p class="has-medium-font-size"><strong>Información e inscripciones: </strong></p>

<p><strong>Personal interno CST: </strong><a href="https://cst.web.lsessions.com/">
  <strong>CSTAprende</strong>
</a></p>

<p><strong>Personal externo CST:<strong> </strong></strong>a través del siguiente <strong><a href="https://forms.office.com/pages/responsepage.aspx?id=MJBK9WozfU6tK-0hdeCdftzk2kcO_QNOvM7FItRs805UQlZHR1FUMTlXVUJFWFAzSUI3REFNNDZaQS4u" target="_blank" rel="noreferrer noopener">FORMULARIO</a></strong><br/><br/> Fecha límite de inscripción <strong>: 7 de mayo de 2024</strong></p>

<p></p>

<!-- This site is optimized with the Yoast SEO plugin v27.2 - https://yoast.com/product/yoast-seo-wordpress/ -->
<title>Jornada Día de la Enfermera 2024: Las enfermeras innovamos. Ho expliquem? - CST</title>
<meta name="robots" content="index, follow, max-snippet:-1, max-image-preview:large, max-video-preview:-1" />
<link rel="canonical" href="https://cst.cat/es/agenda/jornada-dia-de-la-enfermera-2024-las-enfermeras-innovamos-ho-expliquem/" />
<meta property="og:locale" content="es_ES" />
<meta property="og:type" content="article" />
<meta property="og:title" content="Jornada Día de la Enfermera 2024: Las enfermeras innovamos. Ho expliquem? - CST" />
<meta property="og:description" content="Objetivo de la Jornada: Dar a conocer y poner en valor los proyectos que están desarrollando las enfermeras del CST en el ámbito de la investigación y la innovación. Dirigido a: Personal de Enfermería del Consorcio Sanitario de Terrassa. Información e inscripciones: Personal interno CST: CSTAprende Personal externo CST: a través del siguiente FORMULARIO Fecha [&hellip;]" />
<meta property="og:url" content="https://cst.cat/es/agenda/jornada-dia-de-la-enfermera-2024-las-enfermeras-innovamos-ho-expliquem/" />
<meta property="og:site_name" content="CST" />
<meta property="article:modified_time" content="2024-10-24T11:49:59+00:00" />
<meta property="og:image" content="https://cst.cat/wp-content/uploads/2024/04/infermera-.png" />
	<meta property="og:image:width" content="700" />
	<meta property="og:image:height" content="468" />
	<meta property="og:image:type" content="image/png" />
<meta name="twitter:card" content="summary_large_image" />
<script type="application/ld+json" class="yoast-schema-graph">{"@context":"https://schema.org","@graph":[{"@type":"WebPage","@id":"https://cst.cat/es/agenda/jornada-dia-de-la-enfermera-2024-las-enfermeras-innovamos-ho-expliquem/","url":"https://cst.cat/es/agenda/jornada-dia-de-la-enfermera-2024-las-enfermeras-innovamos-ho-expliquem/","name":"Jornada Día de la Enfermera 2024: Las enfermeras innovamos. Ho expliquem? - CST","isPartOf":{"@id":"https://cst.cat/es/#website"},"primaryImageOfPage":{"@id":"https://cst.cat/es/agenda/jornada-dia-de-la-enfermera-2024-las-enfermeras-innovamos-ho-expliquem/#primaryimage"},"image":{"@id":"https://cst.cat/es/agenda/jornada-dia-de-la-enfermera-2024-las-enfermeras-innovamos-ho-expliquem/#primaryimage"},"thumbnailUrl":"https://cst.cat/wp-content/uploads/2024/04/infermera-.png","datePublished":"2024-04-22T09:49:20+00:00","dateModified":"2024-10-24T11:49:59+00:00","breadcrumb":{"@id":"https://cst.cat/es/agenda/jornada-dia-de-la-enfermera-2024-las-enfermeras-innovamos-ho-expliquem/#breadcrumb"},"inLanguage":"es","potentialAction":[{"@type":"ReadAction","target":["https://cst.cat/es/agenda/jornada-dia-de-la-enfermera-2024-las-enfermeras-innovamos-ho-expliquem/"]}]},{"@type":"ImageObject","inLanguage":"es","@id":"https://cst.cat/es/agenda/jornada-dia-de-la-enfermera-2024-las-enfermeras-innovamos-ho-expliquem/#primaryimage","url":"https://cst.cat/wp-content/uploads/2024/04/infermera-.png","contentUrl":"https://cst.cat/wp-content/uploads/2024/04/infermera-.png","width":700,"height":468},{"@type":"BreadcrumbList","@id":"https://cst.cat/es/agenda/jornada-dia-de-la-enfermera-2024-las-enfermeras-innovamos-ho-expliquem/#breadcrumb","itemListElement":[{"@type":"ListItem","position":1,"name":"Inici","item":"https://cst.cat/es/"},{"@type":"ListItem","position":2,"name":"Jornada Día de la Enfermera 2024: Las enfermeras innovamos. Ho expliquem?"}]},{"@type":"WebSite","@id":"https://cst.cat/es/#website","url":"https://cst.cat/es/","name":"CST","description":"","publisher":{"@id":"https://cst.cat/es/#organization"},"potentialAction":[{"@type":"SearchAction","target":{"@type":"EntryPoint","urlTemplate":"https://cst.cat/es/?s={search_term_string}"},"query-input":{"@type":"PropertyValueSpecification","valueRequired":true,"valueName":"search_term_string"}}],"inLanguage":"es"},{"@type":"Organization","@id":"https://cst.cat/es/#organization","name":"Consorci Sanitari de Terrassa","url":"https://cst.cat/es/","logo":{"@type":"ImageObject","inLanguage":"es","@id":"https://cst.cat/es/#/schema/logo/image/","url":"https://cst.cat/wp-content/uploads/2021/09/logo-header.svg","contentUrl":"https://cst.cat/wp-content/uploads/2021/09/logo-header.svg","width":90,"height":32,"caption":"Consorci Sanitari de Terrassa"},"image":{"@id":"https://cst.cat/es/#/schema/logo/image/"}}]}</script>
<!-- / Yoast SEO plugin. -->

Jornada Día de la Enfermera 2024: Las enfermeras innovamos. Ho expliquem? - CST

Objetivo de la Jornada: Dar a conocer y poner en valor los proyectos que están desarrollando las enfermeras del CST en el ámbito de la investigación y la innovación. Dirigido a: Personal de Enfermería del Consorcio Sanitario de Terrassa. Información e inscripciones: Personal interno CST: CSTAprende Personal externo CST: a través del siguiente FORMULARIO Fecha [&hellip;]
