{"id":8977,"date":"2022-03-08T09:56:54","date_gmt":"2022-03-08T08:56:54","guid":{"rendered":"https:\/\/cst.cat\/agenda\/ansiedad-y-depresion-en-tiempo-de-covid\/"},"modified":"2024-10-23T12:41:53","modified_gmt":"2024-10-23T10:41:53","slug":"ansiedad-y-depresion-en-tiempo-de-covid","status":"publish","type":"agenda","link":"https:\/\/cst.cat\/es\/agenda\/ansiedad-y-depresion-en-tiempo-de-covid\/","title":{"rendered":"Ansiedad y depresi\u00f3n en tiempo de COVID"},"content":{"rendered":"\n<p>A cargo de:<\/p>\n\n<p><strong>Albert Guerrero Palmero<\/strong><br\/> Psic\u00f3logo cl\u00ednico y Enfermero de Familia y Comunitaria. CAP Terrassa Nord<\/p>\n\n<p>Y <strong>gnacio N\u00fa\u00f1ez Fortea<\/strong><br\/> Psic\u00f3logo cl\u00ednico. Instituci\u00f3n CIMED<\/p>\n\n<p>Mi\u00e9rcoles, 9 de febrero a las 18h<\/p>\n","protected":false},"featured_media":7362,"template":"","categories":[154],"tags":[],"class_list":["post-8977","agenda","type-agenda","status-publish","has-post-thumbnail","hentry","category-covid-19-es"],"acf":[],"yoast_head":"<!-- This site is optimized with the Yoast SEO plugin v27.2 - https:\/\/yoast.com\/product\/yoast-seo-wordpress\/ -->\n<title>Ansiedad y depresi\u00f3n en tiempo de COVID - CST<\/title>\n<meta name=\"robots\" content=\"index, follow, max-snippet:-1, max-image-preview:large, max-video-preview:-1\" \/>\n<link rel=\"canonical\" href=\"https:\/\/cst.cat\/es\/agenda\/ansiedad-y-depresion-en-tiempo-de-covid\/\" \/>\n<meta property=\"og:locale\" content=\"es_ES\" \/>\n<meta property=\"og:type\" content=\"article\" \/>\n<meta property=\"og:title\" content=\"Ansiedad y depresi\u00f3n en tiempo de COVID - CST\" \/>\n<meta property=\"og:description\" content=\"A cargo de: Albert Guerrero Palmero Psic\u00f3logo cl\u00ednico y Enfermero de Familia y Comunitaria. CAP Terrassa Nord Y gnacio N\u00fa\u00f1ez Fortea Psic\u00f3logo cl\u00ednico. Instituci\u00f3n CIMED Mi\u00e9rcoles, 9 de febrero a las 18h\" \/>\n<meta property=\"og:url\" content=\"https:\/\/cst.cat\/es\/agenda\/ansiedad-y-depresion-en-tiempo-de-covid\/\" \/>\n<meta property=\"og:site_name\" content=\"CST\" \/>\n<meta property=\"article:modified_time\" content=\"2024-10-23T10:41:53+00:00\" \/>\n<meta property=\"og:image\" content=\"https:\/\/cst.cat\/wp-content\/uploads\/2022\/02\/Nuevo-proyecto-74.jpg\" \/>\n\t<meta property=\"og:image:width\" content=\"700\" \/>\n\t<meta property=\"og:image:height\" content=\"393\" \/>\n\t<meta property=\"og:image:type\" content=\"image\/jpeg\" \/>\n<meta name=\"twitter:card\" content=\"summary_large_image\" \/>\n<script type=\"application\/ld+json\" class=\"yoast-schema-graph\">{\"@context\":\"https:\/\/schema.org\",\"@graph\":[{\"@type\":\"WebPage\",\"@id\":\"https:\/\/cst.cat\/es\/agenda\/ansiedad-y-depresion-en-tiempo-de-covid\/\",\"url\":\"https:\/\/cst.cat\/es\/agenda\/ansiedad-y-depresion-en-tiempo-de-covid\/\",\"name\":\"Ansiedad y depresi\u00f3n en tiempo de COVID - CST\",\"isPartOf\":{\"@id\":\"https:\/\/cst.cat\/es\/#website\"},\"primaryImageOfPage\":{\"@id\":\"https:\/\/cst.cat\/es\/agenda\/ansiedad-y-depresion-en-tiempo-de-covid\/#primaryimage\"},\"image\":{\"@id\":\"https:\/\/cst.cat\/es\/agenda\/ansiedad-y-depresion-en-tiempo-de-covid\/#primaryimage\"},\"thumbnailUrl\":\"https:\/\/cst.cat\/wp-content\/uploads\/2022\/02\/Nuevo-proyecto-74.jpg\",\"datePublished\":\"2022-03-08T08:56:54+00:00\",\"dateModified\":\"2024-10-23T10:41:53+00:00\",\"breadcrumb\":{\"@id\":\"https:\/\/cst.cat\/es\/agenda\/ansiedad-y-depresion-en-tiempo-de-covid\/#breadcrumb\"},\"inLanguage\":\"es\",\"potentialAction\":[{\"@type\":\"ReadAction\",\"target\":[\"https:\/\/cst.cat\/es\/agenda\/ansiedad-y-depresion-en-tiempo-de-covid\/\"]}]},{\"@type\":\"ImageObject\",\"inLanguage\":\"es\",\"@id\":\"https:\/\/cst.cat\/es\/agenda\/ansiedad-y-depresion-en-tiempo-de-covid\/#primaryimage\",\"url\":\"https:\/\/cst.cat\/wp-content\/uploads\/2022\/02\/Nuevo-proyecto-74.jpg\",\"contentUrl\":\"https:\/\/cst.cat\/wp-content\/uploads\/2022\/02\/Nuevo-proyecto-74.jpg\",\"width\":700,\"height\":393},{\"@type\":\"BreadcrumbList\",\"@id\":\"https:\/\/cst.cat\/es\/agenda\/ansiedad-y-depresion-en-tiempo-de-covid\/#breadcrumb\",\"itemListElement\":[{\"@type\":\"ListItem\",\"position\":1,\"name\":\"Inici\",\"item\":\"https:\/\/cst.cat\/es\/\"},{\"@type\":\"ListItem\",\"position\":2,\"name\":\"Ansiedad y depresi\u00f3n en tiempo de COVID\"}]},{\"@type\":\"WebSite\",\"@id\":\"https:\/\/cst.cat\/es\/#website\",\"url\":\"https:\/\/cst.cat\/es\/\",\"name\":\"CST\",\"description\":\"\",\"publisher\":{\"@id\":\"https:\/\/cst.cat\/es\/#organization\"},\"potentialAction\":[{\"@type\":\"SearchAction\",\"target\":{\"@type\":\"EntryPoint\",\"urlTemplate\":\"https:\/\/cst.cat\/es\/?s={search_term_string}\"},\"query-input\":{\"@type\":\"PropertyValueSpecification\",\"valueRequired\":true,\"valueName\":\"search_term_string\"}}],\"inLanguage\":\"es\"},{\"@type\":\"Organization\",\"@id\":\"https:\/\/cst.cat\/es\/#organization\",\"name\":\"Consorci Sanitari de Terrassa\",\"url\":\"https:\/\/cst.cat\/es\/\",\"logo\":{\"@type\":\"ImageObject\",\"inLanguage\":\"es\",\"@id\":\"https:\/\/cst.cat\/es\/#\/schema\/logo\/image\/\",\"url\":\"https:\/\/cst.cat\/wp-content\/uploads\/2021\/09\/logo-header.svg\",\"contentUrl\":\"https:\/\/cst.cat\/wp-content\/uploads\/2021\/09\/logo-header.svg\",\"width\":90,\"height\":32,\"caption\":\"Consorci Sanitari de Terrassa\"},\"image\":{\"@id\":\"https:\/\/cst.cat\/es\/#\/schema\/logo\/image\/\"}}]}<\/script>\n<!-- \/ Yoast SEO plugin. -->","yoast_head_json":{"title":"Ansiedad y depresi\u00f3n en tiempo de COVID - CST","robots":{"index":"index","follow":"follow","max-snippet":"max-snippet:-1","max-image-preview":"max-image-preview:large","max-video-preview":"max-video-preview:-1"},"canonical":"https:\/\/cst.cat\/es\/agenda\/ansiedad-y-depresion-en-tiempo-de-covid\/","og_locale":"es_ES","og_type":"article","og_title":"Ansiedad y depresi\u00f3n en tiempo de COVID - CST","og_description":"A cargo de: Albert Guerrero Palmero Psic\u00f3logo cl\u00ednico y Enfermero de Familia y Comunitaria. CAP Terrassa Nord Y gnacio N\u00fa\u00f1ez Fortea Psic\u00f3logo cl\u00ednico. Instituci\u00f3n CIMED Mi\u00e9rcoles, 9 de febrero a las 18h","og_url":"https:\/\/cst.cat\/es\/agenda\/ansiedad-y-depresion-en-tiempo-de-covid\/","og_site_name":"CST","article_modified_time":"2024-10-23T10:41:53+00:00","og_image":[{"width":700,"height":393,"url":"https:\/\/cst.cat\/wp-content\/uploads\/2022\/02\/Nuevo-proyecto-74.jpg","type":"image\/jpeg"}],"twitter_card":"summary_large_image","schema":{"@context":"https:\/\/schema.org","@graph":[{"@type":"WebPage","@id":"https:\/\/cst.cat\/es\/agenda\/ansiedad-y-depresion-en-tiempo-de-covid\/","url":"https:\/\/cst.cat\/es\/agenda\/ansiedad-y-depresion-en-tiempo-de-covid\/","name":"Ansiedad y depresi\u00f3n en tiempo de COVID - CST","isPartOf":{"@id":"https:\/\/cst.cat\/es\/#website"},"primaryImageOfPage":{"@id":"https:\/\/cst.cat\/es\/agenda\/ansiedad-y-depresion-en-tiempo-de-covid\/#primaryimage"},"image":{"@id":"https:\/\/cst.cat\/es\/agenda\/ansiedad-y-depresion-en-tiempo-de-covid\/#primaryimage"},"thumbnailUrl":"https:\/\/cst.cat\/wp-content\/uploads\/2022\/02\/Nuevo-proyecto-74.jpg","datePublished":"2022-03-08T08:56:54+00:00","dateModified":"2024-10-23T10:41:53+00:00","breadcrumb":{"@id":"https:\/\/cst.cat\/es\/agenda\/ansiedad-y-depresion-en-tiempo-de-covid\/#breadcrumb"},"inLanguage":"es","potentialAction":[{"@type":"ReadAction","target":["https:\/\/cst.cat\/es\/agenda\/ansiedad-y-depresion-en-tiempo-de-covid\/"]}]},{"@type":"ImageObject","inLanguage":"es","@id":"https:\/\/cst.cat\/es\/agenda\/ansiedad-y-depresion-en-tiempo-de-covid\/#primaryimage","url":"https:\/\/cst.cat\/wp-content\/uploads\/2022\/02\/Nuevo-proyecto-74.jpg","contentUrl":"https:\/\/cst.cat\/wp-content\/uploads\/2022\/02\/Nuevo-proyecto-74.jpg","width":700,"height":393},{"@type":"BreadcrumbList","@id":"https:\/\/cst.cat\/es\/agenda\/ansiedad-y-depresion-en-tiempo-de-covid\/#breadcrumb","itemListElement":[{"@type":"ListItem","position":1,"name":"Inici","item":"https:\/\/cst.cat\/es\/"},{"@type":"ListItem","position":2,"name":"Ansiedad y depresi\u00f3n en tiempo de COVID"}]},{"@type":"WebSite","@id":"https:\/\/cst.cat\/es\/#website","url":"https:\/\/cst.cat\/es\/","name":"CST","description":"","publisher":{"@id":"https:\/\/cst.cat\/es\/#organization"},"potentialAction":[{"@type":"SearchAction","target":{"@type":"EntryPoint","urlTemplate":"https:\/\/cst.cat\/es\/?s={search_term_string}"},"query-input":{"@type":"PropertyValueSpecification","valueRequired":true,"valueName":"search_term_string"}}],"inLanguage":"es"},{"@type":"Organization","@id":"https:\/\/cst.cat\/es\/#organization","name":"Consorci Sanitari de Terrassa","url":"https:\/\/cst.cat\/es\/","logo":{"@type":"ImageObject","inLanguage":"es","@id":"https:\/\/cst.cat\/es\/#\/schema\/logo\/image\/","url":"https:\/\/cst.cat\/wp-content\/uploads\/2021\/09\/logo-header.svg","contentUrl":"https:\/\/cst.cat\/wp-content\/uploads\/2021\/09\/logo-header.svg","width":90,"height":32,"caption":"Consorci Sanitari de Terrassa"},"image":{"@id":"https:\/\/cst.cat\/es\/#\/schema\/logo\/image\/"}}]}},"_links":{"self":[{"href":"https:\/\/cst.cat\/es\/wp-json\/wp\/v2\/agenda\/8977","targetHints":{"allow":["GET"]}}],"collection":[{"href":"https:\/\/cst.cat\/es\/wp-json\/wp\/v2\/agenda"}],"about":[{"href":"https:\/\/cst.cat\/es\/wp-json\/wp\/v2\/types\/agenda"}],"wp:featuredmedia":[{"embeddable":true,"href":"https:\/\/cst.cat\/es\/wp-json\/wp\/v2\/media\/7362"}],"wp:attachment":[{"href":"https:\/\/cst.cat\/es\/wp-json\/wp\/v2\/media?parent=8977"}],"wp:term":[{"taxonomy":"category","embeddable":true,"href":"https:\/\/cst.cat\/es\/wp-json\/wp\/v2\/categories?post=8977"},{"taxonomy":"post_tag","embeddable":true,"href":"https:\/\/cst.cat\/es\/wp-json\/wp\/v2\/tags?post=8977"}],"curies":[{"name":"wp","href":"https:\/\/api.w.org\/{rel}","templated":true}]}}

Ansiedad y depresión en tiempo de COVID

<p>A cargo de:</p>

<p><strong>Albert Guerrero Palmero</strong><br/> Psicólogo clínico y Enfermero de Familia y Comunitaria. CAP Terrassa Nord</p>

<p>Y <strong>gnacio Núñez Fortea</strong><br/> Psicólogo clínico. Institución CIMED</p>

<p>Miércoles, 9 de febrero a las 18h</p>

<!-- This site is optimized with the Yoast SEO plugin v27.2 - https://yoast.com/product/yoast-seo-wordpress/ -->
<title>Ansiedad y depresión en tiempo de COVID - CST</title>
<meta name="robots" content="index, follow, max-snippet:-1, max-image-preview:large, max-video-preview:-1" />
<link rel="canonical" href="https://cst.cat/es/agenda/ansiedad-y-depresion-en-tiempo-de-covid/" />
<meta property="og:locale" content="es_ES" />
<meta property="og:type" content="article" />
<meta property="og:title" content="Ansiedad y depresión en tiempo de COVID - CST" />
<meta property="og:description" content="A cargo de: Albert Guerrero Palmero Psicólogo clínico y Enfermero de Familia y Comunitaria. CAP Terrassa Nord Y gnacio Núñez Fortea Psicólogo clínico. Institución CIMED Miércoles, 9 de febrero a las 18h" />
<meta property="og:url" content="https://cst.cat/es/agenda/ansiedad-y-depresion-en-tiempo-de-covid/" />
<meta property="og:site_name" content="CST" />
<meta property="article:modified_time" content="2024-10-23T10:41:53+00:00" />
<meta property="og:image" content="https://cst.cat/wp-content/uploads/2022/02/Nuevo-proyecto-74.jpg" />
	<meta property="og:image:width" content="700" />
	<meta property="og:image:height" content="393" />
	<meta property="og:image:type" content="image/jpeg" />
<meta name="twitter:card" content="summary_large_image" />
<script type="application/ld+json" class="yoast-schema-graph">{"@context":"https://schema.org","@graph":[{"@type":"WebPage","@id":"https://cst.cat/es/agenda/ansiedad-y-depresion-en-tiempo-de-covid/","url":"https://cst.cat/es/agenda/ansiedad-y-depresion-en-tiempo-de-covid/","name":"Ansiedad y depresión en tiempo de COVID - CST","isPartOf":{"@id":"https://cst.cat/es/#website"},"primaryImageOfPage":{"@id":"https://cst.cat/es/agenda/ansiedad-y-depresion-en-tiempo-de-covid/#primaryimage"},"image":{"@id":"https://cst.cat/es/agenda/ansiedad-y-depresion-en-tiempo-de-covid/#primaryimage"},"thumbnailUrl":"https://cst.cat/wp-content/uploads/2022/02/Nuevo-proyecto-74.jpg","datePublished":"2022-03-08T08:56:54+00:00","dateModified":"2024-10-23T10:41:53+00:00","breadcrumb":{"@id":"https://cst.cat/es/agenda/ansiedad-y-depresion-en-tiempo-de-covid/#breadcrumb"},"inLanguage":"es","potentialAction":[{"@type":"ReadAction","target":["https://cst.cat/es/agenda/ansiedad-y-depresion-en-tiempo-de-covid/"]}]},{"@type":"ImageObject","inLanguage":"es","@id":"https://cst.cat/es/agenda/ansiedad-y-depresion-en-tiempo-de-covid/#primaryimage","url":"https://cst.cat/wp-content/uploads/2022/02/Nuevo-proyecto-74.jpg","contentUrl":"https://cst.cat/wp-content/uploads/2022/02/Nuevo-proyecto-74.jpg","width":700,"height":393},{"@type":"BreadcrumbList","@id":"https://cst.cat/es/agenda/ansiedad-y-depresion-en-tiempo-de-covid/#breadcrumb","itemListElement":[{"@type":"ListItem","position":1,"name":"Inici","item":"https://cst.cat/es/"},{"@type":"ListItem","position":2,"name":"Ansiedad y depresión en tiempo de COVID"}]},{"@type":"WebSite","@id":"https://cst.cat/es/#website","url":"https://cst.cat/es/","name":"CST","description":"","publisher":{"@id":"https://cst.cat/es/#organization"},"potentialAction":[{"@type":"SearchAction","target":{"@type":"EntryPoint","urlTemplate":"https://cst.cat/es/?s={search_term_string}"},"query-input":{"@type":"PropertyValueSpecification","valueRequired":true,"valueName":"search_term_string"}}],"inLanguage":"es"},{"@type":"Organization","@id":"https://cst.cat/es/#organization","name":"Consorci Sanitari de Terrassa","url":"https://cst.cat/es/","logo":{"@type":"ImageObject","inLanguage":"es","@id":"https://cst.cat/es/#/schema/logo/image/","url":"https://cst.cat/wp-content/uploads/2021/09/logo-header.svg","contentUrl":"https://cst.cat/wp-content/uploads/2021/09/logo-header.svg","width":90,"height":32,"caption":"Consorci Sanitari de Terrassa"},"image":{"@id":"https://cst.cat/es/#/schema/logo/image/"}}]}</script>
<!-- / Yoast SEO plugin. -->

Ansiedad y depresión en tiempo de COVID - CST

A cargo de: Albert Guerrero Palmero Psicólogo clínico y Enfermero de Familia y Comunitaria. CAP Terrassa Nord Y gnacio Núñez Fortea Psicólogo clínico. Institución CIMED Miércoles, 9 de febrero a las 18h
